CRAN Package Check Results for Package cspp

Last updated on 2025-11-13 03:50:58 CET.

Flavor Version Tinstall Tcheck Ttotal Status Flags
r-devel-linux-x86_64-debian-clang 0.3.3 7.56 89.68 97.24 NOTE
r-devel-linux-x86_64-debian-gcc 0.3.3 4.85 68.21 73.06 NOTE
r-devel-linux-x86_64-fedora-clang 0.3.3 18.00 127.63 145.63 OK
r-devel-linux-x86_64-fedora-gcc 0.3.3 16.00 133.06 149.06 OK
r-devel-windows-x86_64 0.3.3 10.00 99.00 109.00 OK
r-patched-linux-x86_64 0.3.3 7.03 83.12 90.15 OK
r-release-linux-x86_64 0.3.3 7.06 82.69 89.75 OK
r-release-macos-arm64 0.3.3 3.00 42.00 45.00 OK
r-release-macos-x86_64 0.3.3 5.00 79.00 84.00 OK
r-release-windows-x86_64 0.3.3 10.00 99.00 109.00 OK
r-oldrel-macos-arm64 0.3.3 3.00 39.00 42.00 OK
r-oldrel-macos-x86_64 0.3.3 4.00 60.00 64.00 OK
r-oldrel-windows-x86_64 0.3.3 12.00 117.00 129.00 OK

Check Details

Version: 0.3.3
Check: CRAN incoming feasibility
Result: NOTE Maintainer: ‘Caleb Lucas <calebjlucas@gmail.com>’ No Authors@R field in DESCRIPTION. Please add one, modifying Authors@R: c(person(given = "Caleb", family = "Lucas", role = c("aut", "cre"), email = "calebjlucas@gmail.com", comment = "https://caleblucas.com/"), person(given = "Joshua", family = "McCrain", role = "aut", comment = "http://joshuamccrain.com/")) as necessary. Flavors: r-devel-linux-x86_64-debian-clang, r-devel-linux-x86_64-debian-gcc

These binaries (installable software) and packages are in development.
They may not be fully stable and should be used with caution. We make no claims about them.