Last updated on 2025-05-01 15:49:28 CEST.
Flavor | Version | Tinstall | Tcheck | Ttotal | Status | Flags |
---|---|---|---|---|---|---|
r-devel-linux-x86_64-debian-clang | 0.2.61 | 17.51 | 21.72 | 39.23 | NOTE | |
r-devel-linux-x86_64-debian-gcc | 0.2.61 | 13.11 | 18.37 | 31.48 | NOTE | |
r-devel-linux-x86_64-fedora-clang | 0.2.61 | 60.94 | OK | |||
r-devel-linux-x86_64-fedora-gcc | 0.2.61 | 60.47 | OK | |||
r-devel-windows-x86_64 | 0.2.61 | 18.00 | 46.00 | 64.00 | OK | |
r-patched-linux-x86_64 | 0.2.61 | 16.33 | 20.11 | 36.44 | OK | |
r-release-linux-x86_64 | OK | |||||
r-release-macos-arm64 | 0.2.61 | 30.00 | OK | |||
r-release-macos-x86_64 | 0.2.61 | 42.00 | OK | |||
r-release-windows-x86_64 | 0.2.61 | 16.00 | 50.00 | 66.00 | OK | |
r-oldrel-macos-arm64 | 0.2.61 | 27.00 | NOTE | |||
r-oldrel-macos-x86_64 | 0.2.61 | 37.00 | NOTE | |||
r-oldrel-windows-x86_64 | 0.2.61 | 18.00 | 44.00 | 62.00 | NOTE |
Version: 0.2.61
Check: CRAN incoming feasibility
Result: NOTE
Maintainer: ‘Caleb Lucas <calebjlucas@gmail.com>’
No Authors@R field in DESCRIPTION.
Please add one, modifying
Authors@R: c(person(given = "Caleb",
family = "Lucas",
role = c("aut", "cre"),
email = "calebjlucas@gmail.com",
comment = "https://caleblucas.com/"),
person(given = "Joshua",
family = "McCrain",
role = "aut",
comment = "http://joshuamccrain.com/"))
as necessary.
Flavors: r-devel-linux-x86_64-debian-clang, r-devel-linux-x86_64-debian-gcc
Version: 0.2.61
Check: installed package size
Result: NOTE
installed size is 8.6Mb
sub-directories of 1Mb or more:
data 8.6Mb
Flavors: r-oldrel-macos-arm64, r-oldrel-macos-x86_64, r-oldrel-windows-x86_64
These binaries (installable software) and packages are in development.
They may not be fully stable and should be used with caution. We make no claims about them.