CRAN Package Check Results for Package cstab

Last updated on 2025-05-21 21:49:13 CEST.

Flavor Version Tinstall Tcheck Ttotal Status Flags
r-devel-linux-x86_64-debian-clang 0.2-2 21.42 56.57 77.99 NOTE
r-devel-linux-x86_64-debian-gcc 0.2-2 14.29 41.69 55.98 NOTE
r-devel-linux-x86_64-fedora-clang 0.2-2 147.77 OK
r-devel-linux-x86_64-fedora-gcc 0.2-2 149.21 OK
r-devel-windows-x86_64 0.2-2 34.00 223.00 257.00 OK
r-patched-linux-x86_64 0.2-2 20.50 56.63 77.13 OK
r-release-linux-x86_64 0.2-2 19.70 56.37 76.07 OK
r-release-macos-arm64 0.2-2 38.00 OK
r-release-macos-x86_64 0.2-2 67.00 OK
r-release-windows-x86_64 0.2-2 33.00 206.00 239.00 OK
r-oldrel-macos-arm64 0.2-2 39.00 OK
r-oldrel-macos-x86_64 0.2-2 56.00 OK
r-oldrel-windows-x86_64 0.2-2 33.00 211.00 244.00 OK

Check Details

Version: 0.2-2
Check: CRAN incoming feasibility
Result: NOTE Maintainer: ‘Jonas M. B. Haslbeck <jonas.haslbeck@gmail.com>’ No Authors@R field in DESCRIPTION. Please add one, modifying Authors@R: c(person(given = c("Jonas", "M.", "B."), family = "Haslbeck", role = c("aut", "cre"), email = "jonas.haslbeck@gmail.com"), person(given = c("Dirk", "U."), family = "Wulff", role = "aut")) as necessary. Flavors: r-devel-linux-x86_64-debian-clang, r-devel-linux-x86_64-debian-gcc

These binaries (installable software) and packages are in development.
They may not be fully stable and should be used with caution. We make no claims about them.