Last updated on 2025-05-24 07:49:22 CEST.
Flavor | Version | Tinstall | Tcheck | Ttotal | Status | Flags |
---|---|---|---|---|---|---|
r-devel-linux-x86_64-debian-clang | 0.6.2 | 1.76 | 21.12 | 22.88 | NOTE | |
r-devel-linux-x86_64-debian-gcc | 0.6.2 | 1.65 | 17.26 | 18.91 | NOTE | |
r-devel-linux-x86_64-fedora-clang | 0.6.2 | 35.66 | OK | |||
r-devel-linux-x86_64-fedora-gcc | 0.6.2 | 34.35 | OK | |||
r-devel-windows-x86_64 | 0.6.2 | 3.00 | 165.00 | 168.00 | OK | |
r-patched-linux-x86_64 | 0.6.2 | 1.98 | 19.96 | 21.94 | OK | |
r-release-linux-x86_64 | 0.6.2 | 1.58 | 19.92 | 21.50 | OK | |
r-release-macos-arm64 | 0.6.2 | 17.00 | OK | |||
r-release-macos-x86_64 | 0.6.2 | 25.00 | OK | |||
r-release-windows-x86_64 | 0.6.2 | 3.00 | 69.00 | 72.00 | OK | |
r-oldrel-macos-arm64 | 0.6.2 | 17.00 | OK | |||
r-oldrel-macos-x86_64 | 0.6.2 | 23.00 | OK | |||
r-oldrel-windows-x86_64 | 0.6.2 | 3.00 | 45.00 | 48.00 | OK |
Version: 0.6.2
Check: CRAN incoming feasibility
Result: NOTE
Maintainer: ‘Tim Bergsma <bergsmat@gmail.com>’
No Authors@R field in DESCRIPTION.
Please add one, modifying
Authors@R: person(given = "Tim",
family = "Bergsma",
role = c("aut", "cre"),
email = "bergsmat@gmail.com")
as necessary.
Flavors: r-devel-linux-x86_64-debian-clang, r-devel-linux-x86_64-debian-gcc
These binaries (installable software) and packages are in development.
They may not be fully stable and should be used with caution. We make no claims about them.