CRAN Package Check Results for Package csvwr

Last updated on 2025-10-23 15:49:50 CEST.

Flavor Version Tinstall Tcheck Ttotal Status Flags
r-devel-linux-x86_64-debian-clang 0.1.7 3.26 47.81 51.07 NOTE
r-devel-linux-x86_64-debian-gcc 0.1.7 2.25 36.64 38.89 NOTE
r-devel-linux-x86_64-fedora-clang 0.1.7 57.66 OK
r-devel-linux-x86_64-fedora-gcc 0.1.7 85.22 OK
r-devel-windows-x86_64 0.1.7 6.00 70.00 76.00 OK
r-patched-linux-x86_64 0.1.7 4.29 44.46 48.75 OK
r-release-linux-x86_64 0.1.7 3.55 43.98 47.53 OK
r-release-macos-arm64 0.1.7 1.00 32.00 33.00 OK
r-release-macos-x86_64 0.1.7 3.00 54.00 57.00 OK
r-release-windows-x86_64 0.1.7 8.00 72.00 80.00 OK
r-oldrel-macos-arm64 0.1.7 2.00 29.00 31.00 OK
r-oldrel-macos-x86_64 0.1.7 3.00 45.00 48.00 OK
r-oldrel-windows-x86_64 0.1.7 9.00 89.00 98.00 OK

Check Details

Version: 0.1.7
Check: CRAN incoming feasibility
Result: NOTE Maintainer: ‘Robin Gower <csvwr@infonomics.ltd.uk>’ No Authors@R field in DESCRIPTION. Please add one, modifying Authors@R: person(given = "Robin", family = "Gower", role = c("aut", "cre"), email = "csvwr@infonomics.ltd.uk") as necessary. Flavors: r-devel-linux-x86_64-debian-clang, r-devel-linux-x86_64-debian-gcc

These binaries (installable software) and packages are in development.
They may not be fully stable and should be used with caution. We make no claims about them.