Last updated on 2025-05-01 12:49:25 CEST.
Flavor | Version | Tinstall | Tcheck | Ttotal | Status | Flags |
---|---|---|---|---|---|---|
r-devel-linux-x86_64-debian-clang | 0.1.7 | 4.96 | 45.31 | 50.27 | NOTE | |
r-devel-linux-x86_64-debian-gcc | 0.1.7 | 3.89 | 37.39 | 41.28 | NOTE | |
r-devel-linux-x86_64-fedora-clang | 0.1.7 | 74.93 | OK | |||
r-devel-linux-x86_64-fedora-gcc | 0.1.7 | 84.71 | OK | |||
r-devel-windows-x86_64 | 0.1.7 | 7.00 | 74.00 | 81.00 | OK | |
r-patched-linux-x86_64 | 0.1.7 | 5.54 | 41.98 | 47.52 | OK | |
r-release-linux-x86_64 | OK | |||||
r-release-macos-arm64 | 0.1.7 | 33.00 | OK | |||
r-release-macos-x86_64 | 0.1.7 | 57.00 | OK | |||
r-release-windows-x86_64 | 0.1.7 | 8.00 | 81.00 | 89.00 | OK | |
r-oldrel-macos-arm64 | 0.1.7 | 31.00 | OK | |||
r-oldrel-macos-x86_64 | 0.1.7 | 48.00 | OK | |||
r-oldrel-windows-x86_64 | 0.1.7 | 9.00 | 79.00 | 88.00 | OK |
Version: 0.1.7
Check: CRAN incoming feasibility
Result: NOTE
Maintainer: ‘Robin Gower <csvwr@infonomics.ltd.uk>’
No Authors@R field in DESCRIPTION.
Please add one, modifying
Authors@R: person(given = "Robin",
family = "Gower",
role = c("aut", "cre"),
email = "csvwr@infonomics.ltd.uk")
as necessary.
Flavors: r-devel-linux-x86_64-debian-clang, r-devel-linux-x86_64-debian-gcc
These binaries (installable software) and packages are in development.
They may not be fully stable and should be used with caution. We make no claims about them.