Last updated on 2025-05-02 16:55:34 CEST.
Flavor | Version | Tinstall | Tcheck | Ttotal | Status | Flags |
---|---|---|---|---|---|---|
r-devel-linux-x86_64-debian-clang | 0.1.0 | 1.68 | 20.54 | 22.22 | NOTE | |
r-devel-linux-x86_64-debian-gcc | 0.1.0 | 1.28 | 18.07 | 19.35 | NOTE | |
r-devel-linux-x86_64-fedora-clang | 0.1.0 | 36.46 | OK | |||
r-devel-linux-x86_64-fedora-gcc | 0.1.0 | 48.08 | OK | |||
r-devel-windows-x86_64 | 0.1.0 | 3.00 | 44.00 | 47.00 | OK | |
r-patched-linux-x86_64 | 0.1.0 | 1.51 | 19.88 | 21.39 | OK | |
r-release-linux-x86_64 | OK | |||||
r-release-macos-arm64 | 0.1.0 | 26.00 | OK | |||
r-release-macos-x86_64 | 0.1.0 | 38.00 | OK | |||
r-release-windows-x86_64 | 0.1.0 | 4.00 | 49.00 | 53.00 | OK | |
r-oldrel-macos-arm64 | 0.1.0 | 23.00 | OK | |||
r-oldrel-macos-x86_64 | 0.1.0 | 32.00 | OK | |||
r-oldrel-windows-x86_64 | 0.1.0 | 4.00 | 45.00 | 49.00 | OK |
Version: 0.1.0
Check: CRAN incoming feasibility
Result: NOTE
Maintainer: ‘Clark Fitzgerald <fitzgerald@csus.edu>’
The BugReports field in DESCRIPTION has
https://github.com/julianofhernandez/ctf
which should likely be
https://github.com/julianofhernandez/ctf/issues
instead.
Flavors: r-devel-linux-x86_64-debian-clang, r-devel-linux-x86_64-debian-gcc
These binaries (installable software) and packages are in development.
They may not be fully stable and should be used with caution. We make no claims about them.