CRAN Package Check Results for Package ctgdist

Last updated on 2025-07-01 11:49:16 CEST.

Flavor Version Tinstall Tcheck Ttotal Status Flags
r-devel-linux-x86_64-debian-clang 0.1.0 10.27 84.01 94.28 OK
r-devel-linux-x86_64-debian-gcc 0.1.0 6.93 61.97 68.90 OK
r-devel-linux-x86_64-fedora-clang 0.1.0 146.98 OK
r-devel-linux-x86_64-fedora-gcc 0.1.0 133.38 OK
r-devel-windows-x86_64 0.1.0 11.00 89.00 100.00 OK
r-patched-linux-x86_64 OK
r-release-linux-x86_64 0.1.0 10.26 77.82 88.08 OK
r-release-macos-arm64 0.1.0 37.00 OK
r-release-macos-x86_64 0.1.0 71.00 OK
r-release-windows-x86_64 0.1.0 10.00 90.00 100.00 OK
r-oldrel-macos-arm64 0.1.0 35.00 NOTE
r-oldrel-macos-x86_64 0.1.0 52.00 NOTE
r-oldrel-windows-x86_64 0.1.0 15.00 111.00 126.00 NOTE

Check Details

Version: 0.1.0
Check: LazyData
Result: NOTE 'LazyData' is specified without a 'data' directory Flavors: r-oldrel-macos-arm64, r-oldrel-macos-x86_64, r-oldrel-windows-x86_64

These binaries (installable software) and packages are in development.
They may not be fully stable and should be used with caution. We make no claims about them.