Last updated on 2025-11-13 01:50:17 CET.
| Flavor | Version | Tinstall | Tcheck | Ttotal | Status | Flags |
|---|---|---|---|---|---|---|
| r-devel-linux-x86_64-debian-clang | 0.1.0 | 11.17 | 83.66 | 94.83 | OK | |
| r-devel-linux-x86_64-debian-gcc | 0.1.0 | 7.04 | 64.39 | 71.43 | OK | |
| r-devel-linux-x86_64-fedora-clang | 0.1.0 | 26.00 | 117.67 | 143.67 | OK | |
| r-devel-linux-x86_64-fedora-gcc | 0.1.0 | 24.00 | 112.23 | 136.23 | OK | |
| r-devel-windows-x86_64 | 0.1.0 | 12.00 | 87.00 | 99.00 | OK | |
| r-patched-linux-x86_64 | 0.1.0 | 10.45 | 80.09 | 90.54 | OK | |
| r-release-linux-x86_64 | 0.1.0 | 10.60 | 80.32 | 90.92 | OK | |
| r-release-macos-arm64 | 0.1.0 | 4.00 | 33.00 | 37.00 | OK | |
| r-release-macos-x86_64 | 0.1.0 | 7.00 | 64.00 | 71.00 | OK | |
| r-release-windows-x86_64 | 0.1.0 | 12.00 | 88.00 | 100.00 | OK | |
| r-oldrel-macos-arm64 | 0.1.0 | 4.00 | 31.00 | 35.00 | NOTE | |
| r-oldrel-macos-x86_64 | 0.1.0 | 6.00 | 46.00 | 52.00 | NOTE | |
| r-oldrel-windows-x86_64 | 0.1.0 | 15.00 | 107.00 | 122.00 | NOTE |
Version: 0.1.0
Check: LazyData
Result: NOTE
'LazyData' is specified without a 'data' directory
Flavors: r-oldrel-macos-arm64, r-oldrel-macos-x86_64, r-oldrel-windows-x86_64
These binaries (installable software) and packages are in development.
They may not be fully stable and should be used with caution. We make no claims about them.