Last updated on 2025-07-02 01:51:34 CEST.
Flavor | Version | Tinstall | Tcheck | Ttotal | Status | Flags |
---|---|---|---|---|---|---|
r-devel-linux-x86_64-debian-clang | 1.0.0-10 | 6.94 | 62.99 | 69.93 | NOTE | |
r-devel-linux-x86_64-debian-gcc | 1.0.0-10 | 5.63 | 44.52 | 50.15 | NOTE | |
r-devel-linux-x86_64-fedora-clang | 1.0.0-10 | 106.89 | OK | |||
r-devel-linux-x86_64-fedora-gcc | 1.0.0-10 | 112.60 | OK | |||
r-devel-windows-x86_64 | 1.0.0-10 | 12.00 | 97.00 | 109.00 | OK | |
r-patched-linux-x86_64 | OK | |||||
r-release-linux-x86_64 | 1.0.0-10 | 6.23 | 58.52 | 64.75 | OK | |
r-release-macos-arm64 | 1.0.0-10 | 41.00 | OK | |||
r-release-macos-x86_64 | 1.0.0-10 | 79.00 | OK | |||
r-release-windows-x86_64 | 1.0.0-10 | 14.00 | 98.00 | 112.00 | OK | |
r-oldrel-macos-arm64 | 1.0.0-10 | 41.00 | OK | |||
r-oldrel-macos-x86_64 | 1.0.0-10 | 67.00 | OK | |||
r-oldrel-windows-x86_64 | 1.0.0-10 | 13.00 | 110.00 | 123.00 | OK |
Version: 1.0.0-10
Check: CRAN incoming feasibility
Result: NOTE
Maintainer: ‘Danny Arends <Danny.Arends@gmail.com>’
No Authors@R field in DESCRIPTION.
Please add one, modifying
Authors@R: c(person(given = "Danny",
family = "Arends",
role = c("aut", "cre"),
email = "Danny.Arends@gmail.com"),
person(given = "Yang",
family = "Li",
role = "aut"),
person(given = c("Gudrun", "A"),
family = "Brockmann",
role = "aut"),
person(given = c("Ritsert", "C"),
family = "Jansen",
role = "aut"),
person(given = c("Robert", "W"),
family = "Williams",
role = "aut"),
person(given = "Pjotr",
family = "Prins",
role = "aut"))
as necessary.
Flavors: r-devel-linux-x86_64-debian-clang, r-devel-linux-x86_64-debian-gcc
These binaries (installable software) and packages are in development.
They may not be fully stable and should be used with caution. We make no claims about them.