Last updated on 2024-07-27 15:50:14 CEST.
Flavor | Version | Tinstall | Tcheck | Ttotal | Status | Flags |
---|---|---|---|---|---|---|
r-devel-linux-x86_64-debian-clang | 1.2.9 | 35.84 | 363.12 | 398.96 | NOTE | |
r-devel-linux-x86_64-debian-gcc | 1.2.9 | NOTE | ||||
r-devel-linux-x86_64-fedora-clang | 1.2.9 | 487.58 | NOTE | |||
r-devel-linux-x86_64-fedora-gcc | 1.2.9 | 458.04 | NOTE | |||
r-devel-windows-x86_64 | 1.2.9 | 31.00 | 216.00 | 247.00 | NOTE | |
r-patched-linux-x86_64 | 1.2.9 | NOTE | ||||
r-release-linux-x86_64 | 1.2.9 | 26.43 | 339.01 | 365.44 | NOTE | |
r-release-macos-arm64 | 1.2.9 | 106.00 | NOTE | |||
r-release-macos-x86_64 | 1.2.9 | 178.00 | NOTE | |||
r-release-windows-x86_64 | 1.2.9 | 32.00 | 216.00 | 248.00 | NOTE | |
r-oldrel-macos-arm64 | 1.2.9 | 125.00 | OK | |||
r-oldrel-macos-x86_64 | 1.2.9 | 217.00 | OK | |||
r-oldrel-windows-x86_64 | 1.2.9 | 44.00 | 282.00 | 326.00 | OK |
Version: 1.2.9
Check: Rd files
Result: NOTE
checkRd: (-1) mcmc.fmove.Rd:81: Lost braces; missing escapes or markup?
81 | beta ~ N( 0 , tau^2 * QQ^{-1} )
| ^
Flavors: r-devel-linux-x86_64-debian-clang, r-devel-linux-x86_64-debian-gcc, r-devel-linux-x86_64-fedora-clang, r-devel-linux-x86_64-fedora-gcc, r-devel-windows-x86_64, r-patched-linux-x86_64, r-release-linux-x86_64, r-release-macos-arm64, r-release-macos-x86_64, r-release-windows-x86_64
These binaries (installable software) and packages are in development.
They may not be fully stable and should be used with caution. We make no claims about them.