CRAN Package Check Results for Package ctqr

Last updated on 2025-07-26 01:50:47 CEST.

Flavor Version Tinstall Tcheck Ttotal Status Flags
r-devel-linux-x86_64-debian-clang 2.2 12.41 88.95 101.36 OK
r-devel-linux-x86_64-debian-gcc 2.2 7.70 66.65 74.35 OK
r-devel-linux-x86_64-fedora-clang 2.2 163.04 OK
r-devel-linux-x86_64-fedora-gcc 2.2 157.41 OK
r-devel-windows-x86_64 2.2 12.00 98.00 110.00 OK
r-patched-linux-x86_64 2.1 11.06 84.70 95.76 NOTE
r-release-linux-x86_64 2.1 11.79 84.02 95.81 NOTE
r-release-macos-arm64 2.1 42.00 OK
r-release-macos-x86_64 2.2 89.00 OK
r-release-windows-x86_64 2.2 13.00 100.00 113.00 OK
r-oldrel-macos-arm64 2.1 40.00 OK
r-oldrel-macos-x86_64 2.2 88.00 OK
r-oldrel-windows-x86_64 2.2 17.00 118.00 135.00 OK

Check Details

Version: 2.1
Check: Rd cross-references
Result: NOTE Found the following Rd file(s) with Rd \link{} targets missing package anchors: ctqr-package.Rd: pchreg ctqr.Rd: Surv, pchreg Please provide package anchors for all Rd \link{} targets not in the package itself and the base packages. Flavors: r-patched-linux-x86_64, r-release-linux-x86_64

These binaries (installable software) and packages are in development.
They may not be fully stable and should be used with caution. We make no claims about them.