CRAN Package Check Results for Package ctrdata

Last updated on 2025-07-19 09:48:26 CEST.

Flavor Version Tinstall Tcheck Ttotal Status Flags
r-devel-linux-x86_64-debian-clang 1.23.0 13.81 100.36 114.17 OK
r-devel-linux-x86_64-debian-gcc 1.23.0 8.70 75.20 83.90 OK
r-devel-linux-x86_64-fedora-clang 1.23.0 183.43 OK
r-devel-linux-x86_64-fedora-gcc 1.23.0 195.74 OK
r-devel-windows-x86_64 1.23.0 14.00 118.00 132.00 OK
r-patched-linux-x86_64 1.23.0 13.34 94.50 107.84 OK
r-release-linux-x86_64 1.23.0 12.39 92.97 105.36 OK
r-release-macos-arm64 1.23.0 71.00 OK
r-release-macos-x86_64 1.23.0 132.00 OK
r-release-windows-x86_64 1.23.0 13.00 114.00 127.00 OK
r-oldrel-macos-arm64 1.23.0 75.00 NOTE
r-oldrel-macos-x86_64 1.23.0 140.00 NOTE
r-oldrel-windows-x86_64 1.23.0 18.00 150.00 168.00 OK

Check Details

Version: 1.23.0
Check: installed package size
Result: NOTE installed size is 5.0Mb sub-directories of 1Mb or more: doc 1.5Mb extdata 1.4Mb Flavors: r-oldrel-macos-arm64, r-oldrel-macos-x86_64

These binaries (installable software) and packages are in development.
They may not be fully stable and should be used with caution. We make no claims about them.