Last updated on 2025-02-16 10:50:44 CET.
Flavor | Version | Tinstall | Tcheck | Ttotal | Status | Flags |
---|---|---|---|---|---|---|
r-devel-linux-x86_64-debian-clang | 3.10.2 | 1195.60 | 373.46 | 1569.06 | OK | |
r-devel-linux-x86_64-debian-gcc | 3.10.2 | 963.89 | 329.86 | 1293.75 | OK | |
r-devel-linux-x86_64-fedora-clang | 3.10.2 | 2130.06 | NOTE | |||
r-devel-linux-x86_64-fedora-gcc | 3.10.2 | 2949.23 | NOTE | |||
r-devel-macos-arm64 | 3.10.2 | 550.00 | OK | |||
r-devel-windows-x86_64 | 3.10.2 | 804.00 | 392.00 | 1196.00 | OK | --no-vignettes |
r-patched-linux-x86_64 | 3.10.2 | 1283.65 | 434.77 | 1718.42 | OK | |
r-release-linux-x86_64 | 3.10.2 | 1250.23 | 413.65 | 1663.88 | OK | |
r-release-macos-arm64 | 3.10.2 | 323.00 | NOTE | |||
r-release-windows-x86_64 | 3.10.2 | 805.00 | 386.00 | 1191.00 | NOTE | --no-vignettes |
r-oldrel-macos-arm64 | 3.10.2 | 531.00 | NOTE | |||
r-oldrel-macos-x86_64 | 3.9.0 | 1803.00 | ERROR | |||
r-oldrel-windows-x86_64 | 3.10.2 | 1172.00 | 420.00 | 1592.00 | NOTE | --no-vignettes |
Version: 3.10.2
Check: dependencies in R code
Result: NOTE
Namespaces in Imports field not imported from:
‘rstantools’ ‘statmod’
All declared Imports should be used.
Flavors: r-devel-linux-x86_64-fedora-clang, r-devel-linux-x86_64-fedora-gcc
Version: 3.10.2
Check: installed package size
Result: NOTE
installed size is 201.7Mb
sub-directories of 1Mb or more:
R 2.0Mb
data 1.7Mb
libs 196.6Mb
Flavors: r-release-macos-arm64, r-oldrel-macos-arm64
Version: 3.10.2
Check: for GNU extensions in Makefiles
Result: NOTE
GNU make is a SystemRequirements.
Flavors: r-release-macos-arm64, r-oldrel-macos-arm64
Version: 3.10.2
Flags: --no-vignettes
Check: installed package size
Result: NOTE
installed size is 11.7Mb
sub-directories of 1Mb or more:
R 1.2Mb
data 1.7Mb
libs 7.5Mb
Flavors: r-release-windows-x86_64, r-oldrel-windows-x86_64
Version: 3.9.0
Check: installed package size
Result: NOTE
installed size is 180.8Mb
sub-directories of 1Mb or more:
R 2.1Mb
data 2.0Mb
libs 175.5Mb
Flavor: r-oldrel-macos-x86_64
Version: 3.9.0
Check: for GNU extensions in Makefiles
Result: NOTE
GNU make is a SystemRequirements.
Flavor: r-oldrel-macos-x86_64
Version: 3.9.0
Check: tests
Result: ERROR
Running ‘testthat.R’ [73s/114s]
Running the tests in ‘tests/testthat.R’ failed.
Last 13 lines of output:
Chain 1: Iteration: 290 / 300 [ 96%] (Sampling)
Chain 2: Iteration: 190 / 300 [ 63%] (Sampling)
Chain 1: Iteration: 300 / 300 [100%] (Sampling)
Chain 1:
Chain 1: Elapsed Time: 22.012 seconds (Warm-up)
Chain 1: 17.161 seconds (Sampling)
Chain 1: 39.173 seconds (Total)
Chain 1:
Chain 2: Iteration: 210 / 300 [ 70%] (Sampling)
Chain 2: Iteration: 230 / 300 [ 76%] (Sampling)
Chain 2: Iteration: 250 / 300 [ 83%] (Sampling)
Chain 2: Iteration: 270 / 300 [ 90%] (Sampling)
Chain 2: Iteration: 290 / 300 [ 96%] (Sampling)
Execution halted
Flavor: r-oldrel-macos-x86_64
These binaries (installable software) and packages are in development.
They may not be fully stable and should be used with caution. We make no claims about them.