Last updated on 2024-07-27 15:50:14 CEST.
Flavor | Version | Tinstall | Tcheck | Ttotal | Status | Flags |
---|---|---|---|---|---|---|
r-devel-linux-x86_64-debian-clang | 1.0.6 | 39.79 | 716.24 | 756.03 | OK | |
r-devel-linux-x86_64-debian-gcc | 1.0.6 | NOTE | ||||
r-devel-linux-x86_64-fedora-clang | 1.0.6 | 980.14 | OK | |||
r-devel-linux-x86_64-fedora-gcc | 1.0.6 | 895.21 | OK | |||
r-devel-windows-x86_64 | 1.0.6 | 29.00 | 252.00 | 281.00 | NOTE | --no-vignettes |
r-patched-linux-x86_64 | 1.0.6 | ERROR | ||||
r-release-linux-x86_64 | 1.0.6 | 0.38 | 2.13 | 2.51 | ERROR | |
r-release-macos-arm64 | 1.0.6 | 198.00 | OK | |||
r-release-macos-x86_64 | 1.0.6 | 7.00 | ERROR | |||
r-release-windows-x86_64 | 1.0.6 | 28.00 | 257.00 | 285.00 | OK | --no-vignettes |
r-oldrel-macos-arm64 | 1.0.6 | 10.00 | ERROR | |||
r-oldrel-macos-x86_64 | 1.0.6 | 494.00 | OK | |||
r-oldrel-windows-x86_64 | 1.0.6 | 37.00 | 232.00 | 269.00 | OK | --no-vignettes |
Version: 1.0.6
Check: Rd cross-references
Result: NOTE
Found the following Rd file(s) with Rd \link{} targets missing package
anchors:
ctFit.Rd: ctModel
ctModelFromFit.Rd: ctModel
ctMultigroupFit.Rd: ctLongToWide, ctModel
ctPostPredict.Rd: ctPlotArray
ctRefineTo.Rd: ctModel
ctsemOMX.Rd: ctModel
summary.ctsemFit.Rd: ctModel
Please provide package anchors for all Rd \link{} targets not in the
package itself and the base packages.
Flavor: r-devel-linux-x86_64-debian-gcc
Version: 1.0.6
Flags: --no-vignettes
Check: Rd cross-references
Result: NOTE
Found the following Rd file(s) with Rd \link{} targets missing package
anchors:
ctFit.Rd: ctModel
ctModelFromFit.Rd: ctModel
ctMultigroupFit.Rd: ctLongToWide, ctModel
ctPostPredict.Rd: ctPlotArray
ctRefineTo.Rd: ctModel
ctsemOMX.Rd: ctModel
summary.ctsemFit.Rd: ctModel
Please provide package anchors for all Rd \link{} targets not in the
package itself and the base packages.
Flavor: r-devel-windows-x86_64
Version: 1.0.6
Check: package dependencies
Result: ERROR
Package required but not available: ‘ctsem’
See section ‘The DESCRIPTION file’ in the ‘Writing R Extensions’
manual.
Flavors: r-patched-linux-x86_64, r-release-linux-x86_64, r-release-macos-x86_64, r-oldrel-macos-arm64
These binaries (installable software) and packages are in development.
They may not be fully stable and should be used with caution. We make no claims about them.