Last updated on 2025-02-16 10:50:44 CET.
Flavor | Version | Tinstall | Tcheck | Ttotal | Status | Flags |
---|---|---|---|---|---|---|
r-devel-linux-x86_64-debian-clang | 0.1.2 | 3.51 | 30.94 | 34.45 | NOTE | |
r-devel-linux-x86_64-debian-gcc | 0.1.2 | 2.34 | 24.70 | 27.04 | NOTE | |
r-devel-linux-x86_64-fedora-clang | 0.1.2 | 62.35 | NOTE | |||
r-devel-linux-x86_64-fedora-gcc | 0.1.2 | 71.80 | NOTE | |||
r-devel-macos-arm64 | 0.1.2 | 28.00 | OK | |||
r-devel-macos-x86_64 | 0.1.2 | 57.00 | NOTE | |||
r-devel-windows-x86_64 | 0.1.2 | 6.00 | 57.00 | 63.00 | NOTE | |
r-patched-linux-x86_64 | 0.1.2 | 3.69 | 29.45 | 33.14 | OK | |
r-release-linux-x86_64 | 0.1.2 | 2.88 | 29.81 | 32.69 | OK | |
r-release-macos-arm64 | 0.1.2 | 39.00 | OK | |||
r-release-macos-x86_64 | 0.1.2 | 84.00 | OK | |||
r-release-windows-x86_64 | 0.1.2 | 8.00 | 60.00 | 68.00 | OK | |
r-oldrel-macos-arm64 | 0.1.1 | 53.00 | OK | |||
r-oldrel-macos-x86_64 | 0.1.2 | 91.00 | OK | |||
r-oldrel-windows-x86_64 | 0.1.2 | 8.00 | 69.00 | 77.00 | OK |
Version: 0.1.2
Check: DESCRIPTION meta-information
Result: NOTE
Missing dependency on R >= 4.1.0 because package code uses the pipe
|> or function shorthand \(...) syntax added in R 4.1.0.
File(s) using such syntax:
‘connection-config.R’ ‘read-float.R’ ‘read-hex.R’
Flavors: r-devel-linux-x86_64-debian-clang, r-devel-linux-x86_64-debian-gcc, r-devel-linux-x86_64-fedora-clang, r-devel-linux-x86_64-fedora-gcc, r-devel-macos-x86_64, r-devel-windows-x86_64
These binaries (installable software) and packages are in development.
They may not be fully stable and should be used with caution. We make no claims about them.