CRAN Package Check Results for Package cuRe

Last updated on 2025-05-01 14:49:07 CEST.

Flavor Version Tinstall Tcheck Ttotal Status Flags
r-devel-linux-x86_64-debian-clang 1.1.1 13.83 120.83 134.66 NOTE
r-devel-linux-x86_64-debian-gcc 1.1.1 9.47 84.45 93.92 OK
r-devel-linux-x86_64-fedora-clang 1.1.1 231.88 OK
r-devel-linux-x86_64-fedora-gcc 1.1.1 226.90 OK
r-devel-windows-x86_64 1.1.1 16.00 145.00 161.00 OK
r-patched-linux-x86_64 1.1.1 14.68 116.35 131.03 OK
r-release-linux-x86_64 OK
r-release-macos-arm64 1.1.1 60.00 OK
r-release-macos-x86_64 1.1.1 119.00 OK
r-release-windows-x86_64 1.1.1 18.00 146.00 164.00 OK
r-oldrel-macos-arm64 1.1.1 57.00 OK
r-oldrel-macos-x86_64 1.1.1 86.00 OK
r-oldrel-windows-x86_64 1.1.1 22.00 173.00 195.00 OK

Check Details

Version: 1.1.1
Check: examples
Result: NOTE Examples with CPU (user + system) or elapsed time > 5s user system elapsed calc.Crude.quantile 5.390 0.132 6.200 GenFlexCureModel 4.673 0.404 6.297 Flavor: r-devel-linux-x86_64-debian-clang

These binaries (installable software) and packages are in development.
They may not be fully stable and should be used with caution. We make no claims about them.