Last updated on 2025-02-16 10:50:44 CET.
Flavor | Version | Tinstall | Tcheck | Ttotal | Status | Flags |
---|---|---|---|---|---|---|
r-devel-linux-x86_64-debian-clang | 1.0.0 | 14.74 | 131.51 | 146.25 | NOTE | |
r-devel-linux-x86_64-debian-gcc | 1.0.0 | 10.26 | 95.77 | 106.03 | NOTE | |
r-devel-linux-x86_64-fedora-clang | 1.0.0 | 255.24 | NOTE | |||
r-devel-linux-x86_64-fedora-gcc | 1.0.0 | 251.85 | NOTE | |||
r-devel-macos-arm64 | 1.0.0 | 64.00 | OK | |||
r-devel-macos-x86_64 | 1.0.0 | 135.00 | NOTE | |||
r-devel-windows-x86_64 | 1.0.0 | 13.00 | 121.00 | 134.00 | NOTE | |
r-patched-linux-x86_64 | 1.0.0 | 13.87 | 123.36 | 137.23 | OK | |
r-release-linux-x86_64 | 1.0.0 | 13.33 | 123.63 | 136.96 | OK | |
r-release-macos-arm64 | 1.0.0 | 74.00 | OK | |||
r-release-macos-x86_64 | 1.0.0 | 140.00 | OK | |||
r-release-windows-x86_64 | 1.0.0 | 14.00 | 122.00 | 136.00 | OK | |
r-oldrel-macos-arm64 | 1.0.0 | 72.00 | OK | |||
r-oldrel-macos-x86_64 | 1.0.0 | 114.00 | OK | |||
r-oldrel-windows-x86_64 | 1.0.0 | 19.00 | 182.00 | 201.00 | OK |
Version: 1.0.0
Check: DESCRIPTION meta-information
Result: NOTE
Missing dependency on R >= 4.1.0 because package code uses the pipe
|> or function shorthand \(...) syntax added in R 4.1.0.
File(s) using such syntax:
‘apply_by_blocks.R’ ‘balance_matrix.R’ ‘round_matrix.R’
Flavors: r-devel-linux-x86_64-debian-clang, r-devel-linux-x86_64-debian-gcc, r-devel-linux-x86_64-fedora-clang, r-devel-linux-x86_64-fedora-gcc, r-devel-macos-x86_64, r-devel-windows-x86_64
These binaries (installable software) and packages are in development.
They may not be fully stable and should be used with caution. We make no claims about them.