CRAN Package Check Results for Package cubing

Last updated on 2025-11-21 07:49:32 CET.

Flavor Version Tinstall Tcheck Ttotal Status Flags
r-devel-linux-x86_64-debian-clang 1.0-5 23.90 61.75 85.65 NOTE
r-devel-linux-x86_64-debian-gcc 1.0-5 19.38 47.44 66.82 NOTE
r-devel-linux-x86_64-fedora-clang 1.0-5 49.00 83.28 132.28 OK
r-devel-linux-x86_64-fedora-gcc 1.0-5 47.00 85.64 132.64 OK
r-devel-windows-x86_64 1.0-5 35.00 83.00 118.00 OK
r-patched-linux-x86_64 1.0-5 23.37 58.35 81.72 OK
r-release-linux-x86_64 1.0-5 23.46 58.28 81.74 OK
r-release-macos-arm64 1.0-5 OK
r-release-macos-x86_64 1.0-5 25.00 63.00 88.00 OK
r-release-windows-x86_64 1.0-5 28.00 84.00 112.00 OK
r-oldrel-macos-arm64 1.0-5 OK
r-oldrel-macos-x86_64 1.0-5 21.00 51.00 72.00 OK
r-oldrel-windows-x86_64 1.0-5 36.00 96.00 132.00 OK

Check Details

Version: 1.0-5
Check: CRAN incoming feasibility
Result: NOTE Maintainer: ‘Alec Stephenson <alec_stephenson@hotmail.com>’ No Authors@R field in DESCRIPTION. Please add one, modifying Authors@R: c(person(given = "Alec", family = "Stephenson.", role = "aut"), person(given = "Alec", family = "Stephenson", role = "cre", email = "alec_stephenson@hotmail.com")) as necessary. Package CITATION file contains call(s) to old-style citEntry(). Please use bibentry() instead. The Description field contains solvers. See Rokicki, T. (2008) <arXiv:0803.3435> for the Kociemba Please refer to arXiv e-prints via their arXiv DOI <doi:10.48550/arXiv.YYMM.NNNNN>. Flavors: r-devel-linux-x86_64-debian-clang, r-devel-linux-x86_64-debian-gcc

These binaries (installable software) and packages are in development.
They may not be fully stable and should be used with caution. We make no claims about them.