CRAN Package Check Results for Package cubing

Last updated on 2025-07-01 11:49:16 CEST.

Flavor Version Tinstall Tcheck Ttotal Status Flags
r-devel-linux-x86_64-debian-clang 1.0-5 24.83 58.98 83.81 NOTE
r-devel-linux-x86_64-debian-gcc 1.0-5 18.67 44.73 63.40 NOTE
r-devel-linux-x86_64-fedora-clang 1.0-5 126.76 OK
r-devel-linux-x86_64-fedora-gcc 1.0-5 130.17 OK
r-devel-windows-x86_64 1.0-5 29.00 88.00 117.00 OK
r-patched-linux-x86_64 OK
r-release-linux-x86_64 1.0-5 22.22 54.64 76.86 OK
r-release-macos-arm64 1.0-5 56.00 OK
r-release-macos-x86_64 1.0-5 88.00 OK
r-release-windows-x86_64 1.0-5 30.00 87.00 117.00 OK
r-oldrel-macos-arm64 1.0-5 51.00 OK
r-oldrel-macos-x86_64 1.0-5 72.00 OK
r-oldrel-windows-x86_64 1.0-5 36.00 100.00 136.00 OK

Check Details

Version: 1.0-5
Check: CRAN incoming feasibility
Result: NOTE Maintainer: ‘Alec Stephenson <alec_stephenson@hotmail.com>’ No Authors@R field in DESCRIPTION. Please add one, modifying Authors@R: c(person(given = "Alec", family = "Stephenson.", role = "aut"), person(given = "Alec", family = "Stephenson", role = "cre", email = "alec_stephenson@hotmail.com")) as necessary. Package CITATION file contains call(s) to old-style citEntry(). Please use bibentry() instead. The Description field contains solvers. See Rokicki, T. (2008) <arXiv:0803.3435> for the Kociemba Please refer to arXiv e-prints via their arXiv DOI <doi:10.48550/arXiv.YYMM.NNNNN>. Flavors: r-devel-linux-x86_64-debian-clang, r-devel-linux-x86_64-debian-gcc

These binaries (installable software) and packages are in development.
They may not be fully stable and should be used with caution. We make no claims about them.