Last updated on 2025-02-23 01:51:37 CET.
Flavor | Version | Tinstall | Tcheck | Ttotal | Status | Flags |
---|---|---|---|---|---|---|
r-devel-linux-x86_64-debian-clang | 1.1.0 | 4.96 | 59.42 | 64.38 | NOTE | |
r-devel-linux-x86_64-debian-gcc | 1.1.0 | 4.38 | 44.21 | 48.59 | NOTE | |
r-devel-linux-x86_64-fedora-clang | 1.1.0 | 105.41 | NOTE | |||
r-devel-linux-x86_64-fedora-gcc | 1.1.0 | 110.72 | NOTE | |||
r-devel-macos-arm64 | 1.1.0 | 39.00 | OK | |||
r-devel-macos-x86_64 | 1.1.0 | 68.00 | NOTE | |||
r-devel-windows-x86_64 | 1.1.0 | 7.00 | 77.00 | 84.00 | NOTE | |
r-patched-linux-x86_64 | 1.1.0 | 5.09 | 54.89 | 59.98 | OK | |
r-release-linux-x86_64 | 1.1.0 | 4.64 | 55.16 | 59.80 | OK | |
r-release-macos-arm64 | 1.1.0 | 42.00 | OK | |||
r-release-macos-x86_64 | 1.1.0 | 71.00 | OK | |||
r-release-windows-x86_64 | 1.1.0 | 9.00 | 76.00 | 85.00 | OK | |
r-oldrel-macos-arm64 | 1.1.0 | 45.00 | OK | |||
r-oldrel-macos-x86_64 | 1.1.0 | 66.00 | OK | |||
r-oldrel-windows-x86_64 | 1.1.0 | 9.00 | 85.00 | 94.00 | OK |
Version: 1.1.0
Check: DESCRIPTION meta-information
Result: NOTE
Missing dependency on R >= 4.1.0 because package code uses the pipe
|> or function shorthand \(...) syntax added in R 4.1.0.
File(s) using such syntax:
‘expression.R’ ‘map_keywords.R’ ‘parameter.R’ ‘parse_table.R’
‘parse_token.R’ ‘test.R’ ‘tokenize.R’
Flavors: r-devel-linux-x86_64-debian-clang, r-devel-linux-x86_64-debian-gcc, r-devel-linux-x86_64-fedora-clang, r-devel-linux-x86_64-fedora-gcc, r-devel-macos-x86_64, r-devel-windows-x86_64
These binaries (installable software) and packages are in development.
They may not be fully stable and should be used with caution. We make no claims about them.