Last updated on 2025-07-22 13:49:11 CEST.
Flavor | Version | Tinstall | Tcheck | Ttotal | Status | Flags |
---|---|---|---|---|---|---|
r-devel-linux-x86_64-debian-clang | 6.4.0 | 8.30 | 46.48 | 54.78 | OK | |
r-devel-linux-x86_64-debian-gcc | 6.4.0 | 7.48 | 36.59 | 44.07 | OK | |
r-devel-linux-x86_64-fedora-clang | 6.4.0 | 77.89 | OK | |||
r-devel-linux-x86_64-fedora-gcc | 6.4.0 | 90.83 | OK | |||
r-devel-windows-x86_64 | 6.4.0 | 68.00 | 188.00 | 256.00 | OK | |
r-patched-linux-x86_64 | 6.4.0 | 9.11 | 44.98 | 54.09 | NOTE | |
r-release-linux-x86_64 | 6.4.0 | 7.95 | 44.57 | 52.52 | NOTE | |
r-release-macos-arm64 | 6.4.0 | 170.00 | NOTE | |||
r-release-macos-x86_64 | 6.4.0 | 240.00 | NOTE | |||
r-release-windows-x86_64 | 6.4.0 | 65.00 | 188.00 | 253.00 | NOTE | |
r-oldrel-macos-arm64 | 6.4.0 | 149.00 | NOTE | |||
r-oldrel-macos-x86_64 | 6.4.0 | 211.00 | NOTE | |||
r-oldrel-windows-x86_64 | 6.4.0 | 68.00 | 226.00 | 294.00 | NOTE |
Version: 6.4.0
Check: compiled code
Result: NOTE
File ‘curl/libs/curl.so’:
Found non-API call to R: ‘R_new_custom_connection’
Compiled code should not call non-API entry points in R.
See ‘Writing portable packages’ in the ‘Writing R Extensions’ manual,
and section ‘Moving into C API compliance’ for issues with the use of
non-API entry points.
Flavors: r-patched-linux-x86_64, r-release-linux-x86_64, r-release-macos-arm64, r-release-macos-x86_64
Version: 6.4.0
Check: compiled code
Result: NOTE
File 'curl/libs/x64/curl.dll':
Found non-API call to R: 'R_new_custom_connection'
Compiled code should not call non-API entry points in R.
See 'Writing portable packages' in the 'Writing R Extensions' manual,
and section 'Moving into C API compliance' for issues with the use of
non-API entry points.
Flavor: r-release-windows-x86_64
Version: 6.4.0
Check: compiled code
Result: NOTE
File ‘curl/libs/curl.so’:
Found non-API call to R: ‘R_new_custom_connection’
Compiled code should not call non-API entry points in R.
See ‘Writing portable packages’ in the ‘Writing R Extensions’ manual.
Flavors: r-oldrel-macos-arm64, r-oldrel-macos-x86_64
Version: 6.4.0
Check: installed package size
Result: NOTE
installed size is 9.0Mb
sub-directories of 1Mb or more:
doc 1.8Mb
libs 6.9Mb
Flavor: r-oldrel-windows-x86_64
Version: 6.4.0
Check: compiled code
Result: NOTE
File 'curl/libs/x64/curl.dll':
Found non-API call to R: 'R_new_custom_connection'
Compiled code should not call non-API entry points in R.
See 'Writing portable packages' in the 'Writing R Extensions' manual.
Flavor: r-oldrel-windows-x86_64
These binaries (installable software) and packages are in development.
They may not be fully stable and should be used with caution. We make no claims about them.