Last updated on 2025-07-26 01:50:47 CEST.
Flavor | Version | Tinstall | Tcheck | Ttotal | Status | Flags |
---|---|---|---|---|---|---|
r-devel-linux-x86_64-debian-clang | 1.1 | 9.04 | 62.59 | 71.63 | NOTE | |
r-devel-linux-x86_64-debian-gcc | 1.1 | 6.30 | 47.25 | 53.55 | NOTE | |
r-devel-linux-x86_64-fedora-clang | 1.1 | 106.48 | OK | |||
r-devel-linux-x86_64-fedora-gcc | 1.1 | 100.54 | OK | |||
r-devel-windows-x86_64 | 1.1 | 9.00 | 86.00 | 95.00 | OK | |
r-patched-linux-x86_64 | 1.1 | 8.55 | 60.01 | 68.56 | OK | |
r-release-linux-x86_64 | 1.1 | 8.30 | 59.29 | 67.59 | OK | |
r-release-macos-arm64 | 1.1 | 34.00 | OK | |||
r-release-macos-x86_64 | 1.1 | 64.00 | OK | |||
r-release-windows-x86_64 | 1.1 | 9.00 | 90.00 | 99.00 | OK | |
r-oldrel-macos-arm64 | 1.1 | 33.00 | OK | |||
r-oldrel-macos-x86_64 | 1.1 | 50.00 | OK | |||
r-oldrel-windows-x86_64 | 1.1 | 12.00 | 88.00 | 100.00 | OK |
Version: 1.1
Check: CRAN incoming feasibility
Result: NOTE
Maintainer: ‘Eva Koritakova <koritakova@iba.muni.cz>’
No Authors@R field in DESCRIPTION.
Please add one, modifying
Authors@R: c(person(given = "Eva",
family = "Koritakova",
role = c("aut", "cre"),
email = "koritakova@iba.muni.cz",
comment = c(ROR = "Janousova")),
person(given = "Tomas",
family = "Pavlik",
role = "aut"),
person(given = "Jiri",
family = "Mayer",
role = "aut"),
person(given = "Ladislav",
family = "Dusek",
role = "aut"))
as necessary.
Flavors: r-devel-linux-x86_64-debian-clang, r-devel-linux-x86_64-debian-gcc
These binaries (installable software) and packages are in development.
They may not be fully stable and should be used with caution. We make no claims about them.