Last updated on 2025-02-19 16:50:45 CET.
Flavor | Version | Tinstall | Tcheck | Ttotal | Status | Flags |
---|---|---|---|---|---|---|
r-devel-linux-x86_64-debian-clang | 0.1.2 | 2.76 | 26.37 | 29.13 | OK | |
r-devel-linux-x86_64-debian-gcc | 0.1.2 | 2.02 | 19.94 | 21.96 | OK | |
r-devel-linux-x86_64-fedora-clang | 0.1.2 | 46.61 | OK | |||
r-devel-linux-x86_64-fedora-gcc | 0.1.2 | 42.04 | OK | |||
r-devel-macos-arm64 | 0.1.2 | 22.00 | OK | |||
r-devel-macos-x86_64 | 0.1.2 | 32.00 | OK | |||
r-devel-windows-x86_64 | 0.1.2 | 4.00 | 50.00 | 54.00 | OK | |
r-patched-linux-x86_64 | 0.1.2 | 2.87 | 24.79 | 27.66 | OK | |
r-release-linux-x86_64 | 0.1.2 | 2.38 | 24.97 | 27.35 | OK | |
r-release-macos-arm64 | 0.1.2 | 18.00 | OK | |||
r-release-macos-x86_64 | 0.1.2 | 26.00 | OK | |||
r-release-windows-x86_64 | 0.1.2 | 4.00 | 4.00 | 8.00 | FAIL | |
r-oldrel-macos-arm64 | 0.1.2 | 21.00 | OK | |||
r-oldrel-macos-x86_64 | 0.1.2 | 27.00 | OK | |||
r-oldrel-windows-x86_64 | 0.1.2 | 5.00 | 52.00 | 57.00 | OK |
Version: 0.1.2
Check: package dependencies
Result: FAIL
Flavor: r-release-windows-x86_64
These binaries (installable software) and packages are in development.
They may not be fully stable and should be used with caution. We make no claims about them.