Last updated on 2025-11-11 15:50:31 CET.
| Flavor | Version | Tinstall | Tcheck | Ttotal | Status | Flags |
|---|---|---|---|---|---|---|
| r-devel-linux-x86_64-debian-clang | 0.1.1 | 1.64 | 19.45 | 21.09 | NOTE | |
| r-devel-linux-x86_64-debian-gcc | 0.1.1 | 1.31 | 16.41 | 17.72 | NOTE | |
| r-devel-linux-x86_64-fedora-clang | 0.1.1 | 28.53 | OK | |||
| r-devel-linux-x86_64-fedora-gcc | 0.1.1 | 27.09 | OK | |||
| r-devel-windows-x86_64 | 0.1.1 | 3.00 | 33.00 | 36.00 | OK | |
| r-patched-linux-x86_64 | 0.1.1 | 1.73 | 17.14 | 18.87 | OK | |
| r-release-linux-x86_64 | 0.1.1 | 1.66 | 17.16 | 18.82 | OK | |
| r-release-macos-arm64 | 0.1.1 | 1.00 | 13.00 | 14.00 | OK | |
| r-release-macos-x86_64 | 0.1.1 | 2.00 | 20.00 | 22.00 | OK | |
| r-release-windows-x86_64 | 0.1.1 | 2.00 | 33.00 | 35.00 | OK | |
| r-oldrel-macos-arm64 | 0.1.1 | 1.00 | 13.00 | 14.00 | NOTE | |
| r-oldrel-macos-x86_64 | 0.1.1 | 1.00 | 19.00 | 20.00 | NOTE | |
| r-oldrel-windows-x86_64 | 0.1.1 | 3.00 | 34.00 | 37.00 | NOTE |
Version: 0.1.1
Check: CRAN incoming feasibility
Result: NOTE
Maintainer: ‘Thomas Lin Pedersen <thomasp85@gmail.com>’
No Authors@R field in DESCRIPTION.
Please add one, modifying
Authors@R: person(given = c("Thomas", "Lin"),
family = "Pedersen",
role = c("aut", "cre"),
email = "thomasp85@gmail.com")
as necessary.
Flavors: r-devel-linux-x86_64-debian-clang, r-devel-linux-x86_64-debian-gcc
Version: 0.1.1
Check: LazyData
Result: NOTE
'LazyData' is specified without a 'data' directory
Flavors: r-oldrel-macos-arm64, r-oldrel-macos-x86_64, r-oldrel-windows-x86_64
These binaries (installable software) and packages are in development.
They may not be fully stable and should be used with caution. We make no claims about them.