CRAN Package Check Results for Package cursr

Last updated on 2025-05-08 04:52:02 CEST.

Flavor Version Tinstall Tcheck Ttotal Status Flags
r-devel-linux-x86_64-debian-clang 0.1.0 3.30 35.57 38.87 NOTE
r-devel-linux-x86_64-debian-gcc 0.1.0 2.36 27.87 30.23 NOTE
r-devel-linux-x86_64-fedora-clang 0.1.0 60.21 OK
r-devel-linux-x86_64-fedora-gcc 0.1.0 73.23 OK
r-devel-windows-x86_64 0.1.0 5.00 70.00 75.00 OK
r-patched-linux-x86_64 0.1.0 4.21 34.04 38.25 OK
r-release-linux-x86_64 0.1.0 3.24 34.25 37.49 OK
r-release-macos-arm64 0.1.0 36.00 OK
r-release-macos-x86_64 0.1.0 52.00 OK
r-release-windows-x86_64 0.1.0 5.00 72.00 77.00 OK
r-oldrel-macos-arm64 0.1.0 28.00 OK
r-oldrel-macos-x86_64 0.1.0 40.00 OK
r-oldrel-windows-x86_64 0.1.0 6.00 74.00 80.00 OK

Check Details

Version: 0.1.0
Check: CRAN incoming feasibility
Result: NOTE Maintainer: ‘Chris Mann <cmann3@unl.edu>’ No Authors@R field in DESCRIPTION. Please add one, modifying Authors@R: person(given = "Chris", family = "Mann", role = c("aut", "cre"), email = "cmann3@unl.edu") as necessary. Flavors: r-devel-linux-x86_64-debian-clang, r-devel-linux-x86_64-debian-gcc

These binaries (installable software) and packages are in development.
They may not be fully stable and should be used with caution. We make no claims about them.