Last updated on 2025-05-01 14:49:07 CEST.
Flavor | Version | Tinstall | Tcheck | Ttotal | Status | Flags |
---|---|---|---|---|---|---|
r-devel-linux-x86_64-debian-clang | 1.2-2 | 9.77 | 89.49 | 99.26 | NOTE | |
r-devel-linux-x86_64-debian-gcc | 1.2-2 | 8.63 | 71.48 | 80.11 | OK | |
r-devel-linux-x86_64-fedora-clang | 1.2-2 | 171.07 | OK | |||
r-devel-linux-x86_64-fedora-gcc | 1.2-2 | 168.46 | OK | |||
r-devel-windows-x86_64 | 1.2-2 | 16.00 | 101.00 | 117.00 | OK | |
r-patched-linux-x86_64 | 1.2-2 | 11.21 | 85.52 | 96.73 | OK | |
r-release-linux-x86_64 | OK | |||||
r-release-macos-arm64 | 1.2-2 | 60.00 | OK | |||
r-release-macos-x86_64 | 1.2-2 | 122.00 | OK | |||
r-release-windows-x86_64 | 1.2-2 | 16.00 | 102.00 | 118.00 | OK | |
r-oldrel-macos-arm64 | 1.2-2 | 58.00 | OK | |||
r-oldrel-macos-x86_64 | 1.2-2 | 96.00 | OK | |||
r-oldrel-windows-x86_64 | 1.2-2 | 18.00 | 111.00 | 129.00 | OK |
Version: 1.2-2
Check: examples
Result: NOTE
Examples with CPU (user + system) or elapsed time > 5s
user system elapsed
plot.curvHDRfilter 4.399 0.23 5.993
Flavor: r-devel-linux-x86_64-debian-clang
These binaries (installable software) and packages are in development.
They may not be fully stable and should be used with caution. We make no claims about them.