Last updated on 2025-05-01 22:49:38 CEST.
Flavor | Version | Tinstall | Tcheck | Ttotal | Status | Flags |
---|---|---|---|---|---|---|
r-devel-linux-x86_64-debian-clang | 0.1.1 | 8.97 | 115.12 | 124.09 | NOTE | |
r-devel-linux-x86_64-debian-gcc | 0.1.1 | 6.58 | 75.10 | 81.68 | OK | |
r-devel-linux-x86_64-fedora-clang | 0.1.1 | 195.66 | OK | |||
r-devel-linux-x86_64-fedora-gcc | 0.1.1 | 185.54 | OK | |||
r-devel-windows-x86_64 | 0.1.1 | 11.00 | 119.00 | 130.00 | OK | |
r-patched-linux-x86_64 | 0.1.1 | 9.53 | 109.40 | 118.93 | OK | |
r-release-linux-x86_64 | OK | |||||
r-release-macos-arm64 | 0.1.1 | 52.00 | OK | |||
r-release-macos-x86_64 | 0.1.1 | 99.00 | OK | |||
r-release-windows-x86_64 | 0.1.1 | 11.00 | 121.00 | 132.00 | OK | |
r-oldrel-macos-arm64 | 0.1.1 | 51.00 | OK | |||
r-oldrel-macos-x86_64 | 0.1.1 | 77.00 | OK | |||
r-oldrel-windows-x86_64 | 0.1.1 | 12.00 | 146.00 | 158.00 | OK |
Version: 0.1.1
Check: examples
Result: NOTE
Examples with CPU (user + system) or elapsed time > 5s
user system elapsed
invcurve 8.933 0.046 11.020
curve 8.604 0.027 9.671
curveopt 8.558 0.055 10.494
plot 8.361 0.012 10.166
predict 8.308 0.008 9.501
Flavor: r-devel-linux-x86_64-debian-clang
These binaries (installable software) and packages are in development.
They may not be fully stable and should be used with caution. We make no claims about them.