Last updated on 2025-07-22 19:51:45 CEST.
Flavor | Version | Tinstall | Tcheck | Ttotal | Status | Flags |
---|---|---|---|---|---|---|
r-devel-linux-x86_64-debian-clang | 1.0.0 | 3.72 | 36.53 | 40.25 | NOTE | |
r-devel-linux-x86_64-debian-gcc | 1.0.0 | 2.89 | 26.92 | 29.81 | NOTE | |
r-devel-linux-x86_64-fedora-clang | 1.0.0 | 67.28 | OK | |||
r-devel-linux-x86_64-fedora-gcc | 1.0.0 | 58.88 | OK | |||
r-devel-windows-x86_64 | 1.0.0 | 5.00 | 50.00 | 55.00 | OK | |
r-patched-linux-x86_64 | 1.0.0 | 3.15 | 34.42 | 37.57 | OK | |
r-release-linux-x86_64 | 1.0.0 | 3.59 | 34.51 | 38.10 | OK | |
r-release-macos-arm64 | 1.0.0 | 22.00 | OK | |||
r-release-macos-x86_64 | 1.0.0 | 35.00 | OK | |||
r-release-windows-x86_64 | 1.0.0 | 5.00 | 52.00 | 57.00 | OK | |
r-oldrel-macos-arm64 | 1.0.0 | 21.00 | OK | |||
r-oldrel-macos-x86_64 | 1.0.0 | 30.00 | OK | |||
r-oldrel-windows-x86_64 | 1.0.0 | 5.00 | 58.00 | 63.00 | OK |
Version: 1.0.0
Check: CRAN incoming feasibility
Result: NOTE
Maintainer: ‘Paul Kabaila <p.kabaila@latrobe.edu.au>’
The Description field contains
Kabaila (2022) <arXiv:2211.04729>.
Please refer to arXiv e-prints via their arXiv DOI <doi:10.48550/arXiv.YYMM.NNNNN>.
Flavors: r-devel-linux-x86_64-debian-clang, r-devel-linux-x86_64-debian-gcc
These binaries (installable software) and packages are in development.
They may not be fully stable and should be used with caution. We make no claims about them.