CRAN Package Check Results for Package customiser

Last updated on 2025-07-19 21:49:33 CEST.

Flavor Version Tinstall Tcheck Ttotal Status Flags
r-devel-linux-x86_64-debian-clang 0.1.1 1.70 20.67 22.37 OK
r-devel-linux-x86_64-debian-gcc 0.1.1 1.39 17.54 18.93 OK
r-devel-linux-x86_64-fedora-clang 0.1.1 32.57 NOTE
r-devel-linux-x86_64-fedora-gcc 0.1.1 31.19 NOTE
r-devel-windows-x86_64 0.1.1 3.00 41.00 44.00 OK
r-patched-linux-x86_64 0.1.1 1.80 18.77 20.57 OK
r-release-linux-x86_64 0.1.1 1.64 18.51 20.15 OK
r-release-macos-arm64 0.1.1 18.00 OK
r-release-macos-x86_64 0.1.1 26.00 OK
r-release-windows-x86_64 0.1.1 4.00 40.00 44.00 OK
r-oldrel-macos-arm64 0.1.1 17.00 OK
r-oldrel-macos-x86_64 0.1.1 28.00 OK
r-oldrel-windows-x86_64 0.1.1 4.00 44.00 48.00 OK

Check Details

Version: 0.1.1
Check: dependencies in R code
Result: NOTE Namespace in Imports field not imported from: ‘rlang’ All declared Imports should be used. Flavors: r-devel-linux-x86_64-fedora-clang, r-devel-linux-x86_64-fedora-gcc

These binaries (installable software) and packages are in development.
They may not be fully stable and should be used with caution. We make no claims about them.