CRAN Package Check Results for Package customiser

Last updated on 2025-02-16 10:50:44 CET.

Flavor Version Tinstall Tcheck Ttotal Status Flags
r-devel-linux-x86_64-debian-clang 0.1.1 1.67 18.80 20.47 OK
r-devel-linux-x86_64-debian-gcc 0.1.1 1.24 14.67 15.91 OK
r-devel-linux-x86_64-fedora-clang 0.1.1 35.18 NOTE
r-devel-linux-x86_64-fedora-gcc 0.1.1 33.54 NOTE
r-devel-macos-arm64 0.1.1 22.00 OK
r-devel-macos-x86_64 0.1.1 25.00 OK
r-devel-windows-x86_64 0.1.1 4.00 41.00 45.00 OK
r-patched-linux-x86_64 0.1.1 1.50 18.16 19.66 OK
r-release-linux-x86_64 0.1.1 1.63 17.93 19.56 OK
r-release-macos-arm64 0.1.1 17.00 OK
r-release-macos-x86_64 0.1.1 28.00 OK
r-release-windows-x86_64 0.1.1 3.00 41.00 44.00 OK
r-oldrel-macos-arm64 0.1.1 24.00 OK
r-oldrel-macos-x86_64 0.1.1 33.00 OK
r-oldrel-windows-x86_64 0.1.1 4.00 44.00 48.00 OK

Check Details

Version: 0.1.1
Check: dependencies in R code
Result: NOTE Namespace in Imports field not imported from: ‘rlang’ All declared Imports should be used. Flavors: r-devel-linux-x86_64-fedora-clang, r-devel-linux-x86_64-fedora-gcc

These binaries (installable software) and packages are in development.
They may not be fully stable and should be used with caution. We make no claims about them.