Last updated on 2025-02-16 10:50:44 CET.
Flavor | Version | Tinstall | Tcheck | Ttotal | Status | Flags |
---|---|---|---|---|---|---|
r-devel-linux-x86_64-debian-clang | 0.4.1 | 12.58 | 80.88 | 93.46 | NOTE | |
r-devel-linux-x86_64-debian-gcc | 0.4.1 | 8.70 | 53.65 | 62.35 | NOTE | |
r-devel-linux-x86_64-fedora-clang | 0.4.1 | 169.55 | NOTE | |||
r-devel-linux-x86_64-fedora-gcc | 0.4.1 | 171.69 | NOTE | |||
r-devel-macos-arm64 | 0.4.1 | 47.00 | NOTE | |||
r-devel-macos-x86_64 | 0.4.1 | 88.00 | NOTE | |||
r-devel-windows-x86_64 | 0.4.1 | 14.00 | 105.00 | 119.00 | NOTE | |
r-patched-linux-x86_64 | 0.4.1 | 11.14 | 73.63 | 84.77 | NOTE | |
r-release-linux-x86_64 | 0.4.1 | 12.57 | 72.47 | 85.04 | NOTE | |
r-release-macos-arm64 | 0.4.1 | 48.00 | NOTE | |||
r-release-macos-x86_64 | 0.4.1 | 72.00 | NOTE | |||
r-release-windows-x86_64 | 0.4.1 | 14.00 | 104.00 | 118.00 | NOTE | |
r-oldrel-macos-arm64 | 0.4.1 | 52.00 | NOTE | |||
r-oldrel-macos-x86_64 | 0.4.1 | 84.00 | NOTE | |||
r-oldrel-windows-x86_64 | 0.4.1 | 15.00 | 122.00 | 137.00 | NOTE |
Version: 0.4.1
Check: C++ specification
Result: NOTE
Specified C++11: please drop specification unless essential
Flavors: r-devel-linux-x86_64-debian-clang, r-devel-linux-x86_64-debian-gcc, r-devel-linux-x86_64-fedora-clang, r-devel-linux-x86_64-fedora-gcc, r-devel-macos-arm64, r-devel-macos-x86_64, r-devel-windows-x86_64, r-patched-linux-x86_64, r-release-linux-x86_64, r-release-macos-arm64, r-release-macos-x86_64, r-release-windows-x86_64, r-oldrel-macos-arm64, r-oldrel-macos-x86_64, r-oldrel-windows-x86_64
These binaries (installable software) and packages are in development.
They may not be fully stable and should be used with caution. We make no claims about them.