CRAN Package Check Results for Package cusum

Last updated on 2025-11-16 03:49:52 CET.

Flavor Version Tinstall Tcheck Ttotal Status Flags
r-devel-linux-x86_64-debian-clang 0.4.1 12.52 85.21 97.73 NOTE
r-devel-linux-x86_64-debian-gcc 0.4.1 8.48 59.97 68.45 NOTE
r-devel-linux-x86_64-fedora-clang 0.4.1 28.00 130.51 158.51 NOTE
r-devel-linux-x86_64-fedora-gcc 0.4.1 26.00 133.22 159.22 NOTE
r-devel-windows-x86_64 0.4.1 18.00 106.00 124.00 NOTE
r-patched-linux-x86_64 0.4.1 10.63 78.81 89.44 NOTE
r-release-linux-x86_64 0.4.1 11.08 78.76 89.84 NOTE
r-release-macos-arm64 0.4.1 6.00 52.00 58.00 NOTE
r-release-macos-x86_64 0.4.1 10.00 80.00 90.00 NOTE
r-release-windows-x86_64 0.4.1 16.00 103.00 119.00 NOTE
r-oldrel-macos-arm64 0.4.1 7.00 41.00 48.00 NOTE
r-oldrel-macos-x86_64 0.4.1 9.00 63.00 72.00 NOTE
r-oldrel-windows-x86_64 0.4.1 18.00 129.00 147.00 NOTE

Check Details

Version: 0.4.1
Check: C++ specification
Result: NOTE Specified C++11: please drop specification unless essential Flavors: r-devel-linux-x86_64-debian-clang, r-devel-linux-x86_64-debian-gcc, r-devel-linux-x86_64-fedora-clang, r-devel-linux-x86_64-fedora-gcc, r-devel-windows-x86_64, r-patched-linux-x86_64, r-release-linux-x86_64, r-release-macos-arm64, r-release-macos-x86_64, r-release-windows-x86_64, r-oldrel-macos-arm64, r-oldrel-macos-x86_64, r-oldrel-windows-x86_64

These binaries (installable software) and packages are in development.
They may not be fully stable and should be used with caution. We make no claims about them.