Last updated on 2025-02-16 10:50:44 CET.
Flavor | Version | Tinstall | Tcheck | Ttotal | Status | Flags |
---|---|---|---|---|---|---|
r-devel-linux-x86_64-debian-clang | 1.3 | 2.44 | 26.03 | 28.47 | OK | |
r-devel-linux-x86_64-debian-gcc | 1.3 | 1.48 | 19.53 | 21.01 | OK | |
r-devel-linux-x86_64-fedora-clang | 1.3 | 48.97 | OK | |||
r-devel-linux-x86_64-fedora-gcc | 1.3 | 45.52 | OK | |||
r-devel-macos-arm64 | 1.3 | 18.00 | OK | |||
r-devel-macos-x86_64 | 1.3 | 31.00 | OK | |||
r-devel-windows-x86_64 | 1.3 | 4.00 | 48.00 | 52.00 | OK | |
r-patched-linux-x86_64 | 1.3 | 2.35 | 24.48 | 26.83 | NOTE | |
r-release-linux-x86_64 | 1.3 | 2.52 | 25.06 | 27.58 | NOTE | |
r-release-macos-arm64 | 1.3 | 17.00 | NOTE | |||
r-release-macos-x86_64 | 1.3 | 25.00 | NOTE | |||
r-release-windows-x86_64 | 1.3 | 4.00 | 54.00 | 58.00 | NOTE | |
r-oldrel-macos-arm64 | 1.3 | 20.00 | NOTE | |||
r-oldrel-macos-x86_64 | 1.3 | 27.00 | NOTE | |||
r-oldrel-windows-x86_64 | 1.3 | 5.00 | 61.00 | 66.00 | NOTE |
Version: 1.3
Check: LazyData
Result: NOTE
'LazyData' is specified without a 'data' directory
Flavors: r-patched-linux-x86_64, r-release-linux-x86_64, r-release-macos-arm64, r-release-macos-x86_64, r-release-windows-x86_64, r-oldrel-macos-arm64, r-oldrel-macos-x86_64, r-oldrel-windows-x86_64
These binaries (installable software) and packages are in development.
They may not be fully stable and should be used with caution. We make no claims about them.