Last updated on 2025-10-23 09:50:42 CEST.
Flavor | Version | Tinstall | Tcheck | Ttotal | Status | Flags |
---|---|---|---|---|---|---|
r-devel-linux-x86_64-debian-clang | 1.2.1 | 29.61 | 318.15 | 347.76 | NOTE | |
r-devel-linux-x86_64-debian-gcc | 1.2.1 | 18.62 | 211.91 | 230.53 | OK | |
r-devel-linux-x86_64-fedora-clang | 1.2.1 | 45.00 | 478.04 | 523.04 | OK | |
r-devel-linux-x86_64-fedora-gcc | 1.2.1 | 73.00 | 445.32 | 518.32 | OK | |
r-devel-windows-x86_64 | 1.2.1 | 37.00 | 364.00 | 401.00 | OK | |
r-patched-linux-x86_64 | 1.2.1 | 31.03 | 301.45 | 332.48 | OK | |
r-release-linux-x86_64 | 1.2.1 | 30.01 | 303.68 | 333.69 | OK | |
r-release-macos-arm64 | 1.2.1 | 14.00 | 137.00 | 151.00 | OK | |
r-release-macos-x86_64 | 1.2.1 | 15.00 | 345.00 | 360.00 | OK | |
r-release-windows-x86_64 | 1.2.1 | 42.00 | 366.00 | 408.00 | OK | |
r-oldrel-macos-arm64 | 1.2.1 | 13.00 | 151.00 | 164.00 | OK | |
r-oldrel-macos-x86_64 | 1.2.1 | 14.00 | 332.00 | 346.00 | OK | |
r-oldrel-windows-x86_64 | 1.2.1 | 48.00 | 519.00 | 567.00 | OK |
Version: 1.2.1
Check: HTML version of manual
Result: NOTE
Found the following HTML validation problems:
plot.multi_cutpointr.html:51:1 (plot.multi_cutpointr.Rd:12): Warning: missing </ul> before </div>
Flavor: r-devel-linux-x86_64-debian-clang
These binaries (installable software) and packages are in development.
They may not be fully stable and should be used with caution. We make no claims about them.