Last updated on 2025-05-01 21:52:59 CEST.
Flavor | Version | Tinstall | Tcheck | Ttotal | Status | Flags |
---|---|---|---|---|---|---|
r-devel-linux-x86_64-debian-clang | 1.1.4 | 2.25 | 25.67 | 27.92 | NOTE | |
r-devel-linux-x86_64-debian-gcc | 1.1.4 | 1.83 | 20.87 | 22.70 | NOTE | |
r-devel-linux-x86_64-fedora-clang | 1.1.4 | 42.96 | OK | |||
r-devel-linux-x86_64-fedora-gcc | 1.1.4 | 40.39 | OK | |||
r-devel-windows-x86_64 | 1.1.4 | 4.00 | 53.00 | 57.00 | OK | |
r-patched-linux-x86_64 | 1.1.4 | 2.39 | 24.64 | 27.03 | OK | |
r-release-linux-x86_64 | OK | |||||
r-release-macos-arm64 | 1.1.4 | 19.00 | OK | |||
r-release-macos-x86_64 | 1.1.4 | 42.00 | OK | |||
r-release-windows-x86_64 | 1.1.4 | 4.00 | 53.00 | 57.00 | OK | |
r-oldrel-macos-arm64 | 1.1.4 | 19.00 | OK | |||
r-oldrel-macos-x86_64 | 1.1.4 | 26.00 | OK | |||
r-oldrel-windows-x86_64 | 1.1.4 | 4.00 | 49.00 | 53.00 | OK |
Version: 1.1.4
Check: CRAN incoming feasibility
Result: NOTE
Maintainer: ‘Erin LeDell <oss@ledell.org>’
No Authors@R field in DESCRIPTION.
Please add one, modifying
Authors@R: c(person(given = "Erin",
family = "LeDell",
role = c("aut", "cre"),
email = "oss@ledell.org"),
person(given = "Maya",
family = "Petersen",
role = "aut"),
person(given = "Mark",
family = "van der Laan",
role = "aut"))
as necessary.
Flavors: r-devel-linux-x86_64-debian-clang, r-devel-linux-x86_64-debian-gcc
These binaries (installable software) and packages are in development.
They may not be fully stable and should be used with caution. We make no claims about them.