Last updated on 2025-05-01 08:52:30 CEST.
Flavor | Version | Tinstall | Tcheck | Ttotal | Status | Flags |
---|---|---|---|---|---|---|
r-devel-linux-x86_64-debian-clang | 1.0.4 | 98.33 | 32.37 | 130.70 | NOTE | |
r-devel-linux-x86_64-debian-gcc | 1.0.4 | 77.05 | 30.38 | 107.43 | OK | |
r-devel-linux-x86_64-fedora-clang | 1.0.4 | 219.55 | OK | |||
r-devel-linux-x86_64-fedora-gcc | 1.0.4 | 248.22 | OK | |||
r-devel-windows-x86_64 | 1.0.4 | 112.00 | 84.00 | 196.00 | OK | |
r-patched-linux-x86_64 | 1.0.4 | 106.88 | 38.81 | 145.69 | OK | |
r-release-linux-x86_64 | OK | |||||
r-release-macos-arm64 | 1.0.4 | 54.00 | OK | |||
r-release-macos-x86_64 | 1.0.4 | 100.00 | OK | |||
r-release-windows-x86_64 | 1.0.4 | 116.00 | 88.00 | 204.00 | OK | |
r-oldrel-macos-arm64 | 1.0.4 | 45.00 | NOTE | |||
r-oldrel-macos-x86_64 | 1.0.4 | 58.00 | NOTE | |||
r-oldrel-windows-x86_64 | 1.0.4 | 125.00 | 90.00 | 215.00 | NOTE |
Version: 1.0.4
Check: examples
Result: NOTE
Examples with CPU (user + system) or elapsed time > 5s
user system elapsed
grid.search 6.676 0.01 8.176
Flavor: r-devel-linux-x86_64-debian-clang
Version: 1.0.4
Check: installed package size
Result: NOTE
installed size is 37.4Mb
sub-directories of 1Mb or more:
libs 37.3Mb
Flavors: r-oldrel-macos-arm64, r-oldrel-macos-x86_64
Version: 1.0.4
Check: for GNU extensions in Makefiles
Result: NOTE
GNU make is a SystemRequirements.
Flavors: r-oldrel-macos-arm64, r-oldrel-macos-x86_64, r-oldrel-windows-x86_64
These binaries (installable software) and packages are in development.
They may not be fully stable and should be used with caution. We make no claims about them.