Last updated on 2025-10-03 03:50:35 CEST.
Flavor | Version | Tinstall | Tcheck | Ttotal | Status | Flags |
---|---|---|---|---|---|---|
r-devel-linux-x86_64-debian-clang | 1.0.4 | 95.51 | 34.46 | 129.97 | OK | |
r-devel-linux-x86_64-debian-gcc | 1.0.4 | 73.67 | 32.36 | 106.03 | OK | |
r-devel-linux-x86_64-fedora-clang | 1.0.4 | 215.19 | OK | |||
r-devel-linux-x86_64-fedora-gcc | 1.0.4 | 240.78 | OK | |||
r-devel-windows-x86_64 | 1.0.4 | 111.00 | 86.00 | 197.00 | OK | |
r-patched-linux-x86_64 | 1.0.4 | 104.13 | 40.11 | 144.24 | OK | |
r-release-linux-x86_64 | 1.0.4 | 104.06 | 40.21 | 144.27 | OK | |
r-release-macos-arm64 | 1.0.4 | 54.00 | OK | |||
r-release-macos-x86_64 | 1.0.4 | 100.00 | OK | |||
r-release-windows-x86_64 | 1.0.4 | 113.00 | 79.00 | 192.00 | OK | |
r-oldrel-macos-arm64 | 1.0.4 | 45.00 | NOTE | |||
r-oldrel-macos-x86_64 | 1.0.4 | 58.00 | NOTE | |||
r-oldrel-windows-x86_64 | 1.0.4 | 132.00 | 93.00 | 225.00 | NOTE |
Version: 1.0.4
Check: installed package size
Result: NOTE
installed size is 37.4Mb
sub-directories of 1Mb or more:
libs 37.3Mb
Flavors: r-oldrel-macos-arm64, r-oldrel-macos-x86_64
Version: 1.0.4
Check: for GNU extensions in Makefiles
Result: NOTE
GNU make is a SystemRequirements.
Flavors: r-oldrel-macos-arm64, r-oldrel-macos-x86_64, r-oldrel-windows-x86_64
These binaries (installable software) and packages are in development.
They may not be fully stable and should be used with caution. We make no claims about them.