Last updated on 2025-02-19 16:50:45 CET.
Flavor | Version | Tinstall | Tcheck | Ttotal | Status | Flags |
---|---|---|---|---|---|---|
r-devel-linux-x86_64-debian-clang | 0.5 | 2.42 | 38.21 | 40.63 | OK | |
r-devel-linux-x86_64-debian-gcc | 0.5 | 1.73 | 28.79 | 30.52 | OK | |
r-devel-linux-x86_64-fedora-clang | 0.5 | 64.37 | OK | |||
r-devel-linux-x86_64-fedora-gcc | 0.5 | 73.67 | OK | |||
r-devel-macos-arm64 | 0.5 | 30.00 | OK | |||
r-devel-macos-x86_64 | 0.5 | 61.00 | OK | |||
r-devel-windows-x86_64 | 0.5 | 4.00 | 88.00 | 92.00 | OK | |
r-patched-linux-x86_64 | 0.5 | 2.51 | 36.18 | 38.69 | OK | |
r-release-linux-x86_64 | 0.5 | 2.10 | 36.13 | 38.23 | OK | |
r-release-macos-arm64 | 0.5 | 29.00 | OK | |||
r-release-macos-x86_64 | 0.5 | 46.00 | OK | |||
r-release-windows-x86_64 | 0.5 | 3.00 | 3.00 | 6.00 | FAIL | |
r-oldrel-macos-arm64 | 0.5 | 32.00 | OK | |||
r-oldrel-macos-x86_64 | 0.5 | 46.00 | OK | |||
r-oldrel-windows-x86_64 | 0.5 | 4.00 | 99.00 | 103.00 | OK |
Version: 0.5
Check: package dependencies
Result: FAIL
Flavor: r-release-windows-x86_64
These binaries (installable software) and packages are in development.
They may not be fully stable and should be used with caution. We make no claims about them.