CRAN Package Check Results for Package cvequality

Last updated on 2025-11-13 17:50:31 CET.

Flavor Version Tinstall Tcheck Ttotal Status Flags
r-devel-linux-x86_64-debian-clang 0.2.0 1.95 44.42 46.37 NOTE
r-devel-linux-x86_64-debian-gcc 0.2.0 1.43 33.19 34.62 NOTE
r-devel-linux-x86_64-fedora-clang 0.2.0 71.66 OK
r-devel-linux-x86_64-fedora-gcc 0.2.0 83.18 OK
r-devel-windows-x86_64 0.2.0 3.00 57.00 60.00 OK
r-patched-linux-x86_64 0.2.0 1.67 40.39 42.06 OK
r-release-linux-x86_64 0.2.0 1.54 40.91 42.45 OK
r-release-macos-arm64 0.2.0 1.00 27.00 28.00 OK
r-release-macos-x86_64 0.2.0 2.00 56.00 58.00 OK
r-release-windows-x86_64 0.2.0 4.00 55.00 59.00 OK
r-oldrel-macos-arm64 0.2.0 1.00 26.00 27.00 NOTE
r-oldrel-macos-x86_64 0.2.0 2.00 42.00 44.00 NOTE
r-oldrel-windows-x86_64 0.2.0 3.00 68.00 71.00 NOTE

Check Details

Version: 0.2.0
Check: CRAN incoming feasibility
Result: NOTE Maintainer: ‘Ben Marwick <benmarwick@gmail.com>’ Found the following (possibly) invalid file URIs: URI: www.jstor.org/stable/90707 From: inst/doc/how_to_test_CVs.html URI: CONDUCT.md From: README.md Flavors: r-devel-linux-x86_64-debian-clang, r-devel-linux-x86_64-debian-gcc

Version: 0.2.0
Check: LazyData
Result: NOTE 'LazyData' is specified without a 'data' directory Flavors: r-oldrel-macos-arm64, r-oldrel-macos-x86_64, r-oldrel-windows-x86_64

These binaries (installable software) and packages are in development.
They may not be fully stable and should be used with caution. We make no claims about them.