Last updated on 2025-05-01 15:49:28 CEST.
Flavor | Version | Tinstall | Tcheck | Ttotal | Status | Flags |
---|---|---|---|---|---|---|
r-devel-linux-x86_64-debian-clang | 0.2.0 | 1.32 | 41.86 | 43.18 | NOTE | |
r-devel-linux-x86_64-debian-gcc | 0.2.0 | 1.42 | 30.90 | 32.32 | NOTE | |
r-devel-linux-x86_64-fedora-clang | 0.2.0 | 70.74 | OK | |||
r-devel-linux-x86_64-fedora-gcc | 0.2.0 | 79.36 | OK | |||
r-devel-windows-x86_64 | 0.2.0 | 4.00 | 61.00 | 65.00 | OK | |
r-patched-linux-x86_64 | 0.2.0 | 1.82 | 39.65 | 41.47 | OK | |
r-release-linux-x86_64 | OK | |||||
r-release-macos-arm64 | 0.2.0 | 28.00 | OK | |||
r-release-macos-x86_64 | 0.2.0 | 58.00 | OK | |||
r-release-windows-x86_64 | 0.2.0 | 4.00 | 62.00 | 66.00 | OK | |
r-oldrel-macos-arm64 | 0.2.0 | 27.00 | NOTE | |||
r-oldrel-macos-x86_64 | 0.2.0 | 44.00 | NOTE | |||
r-oldrel-windows-x86_64 | 0.2.0 | 4.00 | 67.00 | 71.00 | NOTE |
Version: 0.2.0
Check: CRAN incoming feasibility
Result: NOTE
Maintainer: ‘Ben Marwick <benmarwick@gmail.com>’
Found the following (possibly) invalid file URIs:
URI: www.jstor.org/stable/90707
From: inst/doc/how_to_test_CVs.html
URI: CONDUCT.md
From: README.md
Flavors: r-devel-linux-x86_64-debian-clang, r-devel-linux-x86_64-debian-gcc
Version: 0.2.0
Check: LazyData
Result: NOTE
'LazyData' is specified without a 'data' directory
Flavors: r-oldrel-macos-arm64, r-oldrel-macos-x86_64, r-oldrel-windows-x86_64
These binaries (installable software) and packages are in development.
They may not be fully stable and should be used with caution. We make no claims about them.