Last updated on 2025-10-24 05:50:36 CEST.
| Flavor | Version | Tinstall | Tcheck | Ttotal | Status | Flags |
|---|---|---|---|---|---|---|
| r-devel-linux-x86_64-debian-clang | 0.1.1 | 8.04 | 70.76 | 78.80 | OK | |
| r-devel-linux-x86_64-debian-gcc | 0.1.1 | 6.09 | 54.58 | 60.67 | OK | |
| r-devel-linux-x86_64-fedora-clang | 0.1.1 | 23.00 | 97.77 | 120.77 | OK | |
| r-devel-linux-x86_64-fedora-gcc | 0.1.1 | 16.00 | 94.23 | 110.23 | OK | |
| r-devel-windows-x86_64 | 0.1.1 | 9.00 | 76.00 | 85.00 | OK | |
| r-patched-linux-x86_64 | 0.1.1 | 5.41 | 67.56 | 72.97 | OK | |
| r-release-linux-x86_64 | 0.1.1 | 7.95 | 67.51 | 75.46 | OK | |
| r-release-macos-arm64 | 0.1.1 | 4.00 | 31.00 | 35.00 | OK | |
| r-release-macos-x86_64 | 0.1.1 | 10.00 | 50.00 | 60.00 | OK | |
| r-release-windows-x86_64 | 0.1.1 | 8.00 | 78.00 | 86.00 | OK | |
| r-oldrel-macos-arm64 | 0.1.1 | 4.00 | 37.00 | 41.00 | NOTE | |
| r-oldrel-macos-x86_64 | 0.1.1 | 9.00 | 66.00 | 75.00 | NOTE | |
| r-oldrel-windows-x86_64 | 0.1.1 | 11.00 | 95.00 | 106.00 | NOTE |
Version: 0.1.1
Check: LazyData
Result: NOTE
'LazyData' is specified without a 'data' directory
Flavors: r-oldrel-macos-arm64, r-oldrel-macos-x86_64, r-oldrel-windows-x86_64
These binaries (installable software) and packages are in development.
They may not be fully stable and should be used with caution. We make no claims about them.