CRAN Package Check Results for Package cvmdisc

Last updated on 2025-07-02 01:51:34 CEST.

Flavor Version Tinstall Tcheck Ttotal Status Flags
r-devel-linux-x86_64-debian-clang 0.1.0 2.43 37.09 39.52 OK
r-devel-linux-x86_64-debian-gcc 0.1.0 2.01 26.99 29.00 OK
r-devel-linux-x86_64-fedora-clang 0.1.0 61.56 OK
r-devel-linux-x86_64-fedora-gcc 0.1.0 56.90 OK
r-devel-windows-x86_64 0.1.0 3.00 55.00 58.00 OK
r-patched-linux-x86_64 OK
r-release-linux-x86_64 0.1.0 2.64 34.28 36.92 OK
r-release-macos-arm64 0.1.0 22.00 OK
r-release-macos-x86_64 0.1.0 41.00 OK
r-release-windows-x86_64 0.1.0 3.00 56.00 59.00 OK
r-oldrel-macos-arm64 0.1.0 21.00 NOTE
r-oldrel-macos-x86_64 0.1.0 33.00 NOTE
r-oldrel-windows-x86_64 0.1.0 3.00 64.00 67.00 NOTE

Check Details

Version: 0.1.0
Check: LazyData
Result: NOTE 'LazyData' is specified without a 'data' directory Flavors: r-oldrel-macos-arm64, r-oldrel-macos-x86_64, r-oldrel-windows-x86_64

These binaries (installable software) and packages are in development.
They may not be fully stable and should be used with caution. We make no claims about them.