CRAN Package Check Results for Package cvmdisc

Last updated on 2025-02-16 10:50:44 CET.

Flavor Version Tinstall Tcheck Ttotal Status Flags
r-devel-linux-x86_64-debian-clang 0.1.0 2.29 35.09 37.38 OK
r-devel-linux-x86_64-debian-gcc 0.1.0 1.95 26.30 28.25 OK
r-devel-linux-x86_64-fedora-clang 0.1.0 64.95 OK
r-devel-linux-x86_64-fedora-gcc 0.1.0 60.85 OK
r-devel-macos-arm64 0.1.0 21.00 OK
r-devel-macos-x86_64 0.1.0 40.00 OK
r-devel-windows-x86_64 0.1.0 3.00 59.00 62.00 OK
r-patched-linux-x86_64 0.1.0 2.19 32.76 34.95 NOTE
r-release-linux-x86_64 0.1.0 2.47 33.08 35.55 NOTE
r-release-macos-arm64 0.1.0 21.00 NOTE
r-release-macos-x86_64 0.1.0 33.00 NOTE
r-release-windows-x86_64 0.1.0 4.00 60.00 64.00 NOTE
r-oldrel-macos-arm64 0.1.0 24.00 NOTE
r-oldrel-macos-x86_64 0.1.0 32.00 NOTE
r-oldrel-windows-x86_64 0.1.0 3.00 61.00 64.00 NOTE

Check Details

Version: 0.1.0
Check: LazyData
Result: NOTE 'LazyData' is specified without a 'data' directory Flavors: r-patched-linux-x86_64, r-release-linux-x86_64, r-release-macos-arm64, r-release-macos-x86_64, r-release-windows-x86_64, r-oldrel-macos-arm64, r-oldrel-macos-x86_64, r-oldrel-windows-x86_64

These binaries (installable software) and packages are in development.
They may not be fully stable and should be used with caution. We make no claims about them.