Last updated on 2025-10-09 17:50:35 CEST.
Flavor | Version | Tinstall | Tcheck | Ttotal | Status | Flags |
---|---|---|---|---|---|---|
r-devel-linux-x86_64-debian-clang | 0.1.0 | 2.67 | 37.28 | 39.95 | OK | |
r-devel-linux-x86_64-debian-gcc | 0.1.0 | 2.05 | 27.88 | 29.93 | OK | |
r-devel-linux-x86_64-fedora-clang | 0.1.0 | 62.81 | OK | |||
r-devel-linux-x86_64-fedora-gcc | 0.1.0 | 57.17 | OK | |||
r-devel-windows-x86_64 | 0.1.0 | 3.00 | 55.00 | 58.00 | OK | |
r-patched-linux-x86_64 | 0.1.0 | 2.03 | 35.62 | 37.65 | OK | |
r-release-linux-x86_64 | 0.1.0 | 2.32 | 35.39 | 37.71 | OK | |
r-release-macos-arm64 | 0.1.0 | 22.00 | OK | |||
r-release-macos-x86_64 | 0.1.0 | 41.00 | OK | |||
r-release-windows-x86_64 | 0.1.0 | 3.00 | 55.00 | 58.00 | OK | |
r-oldrel-macos-arm64 | 0.1.0 | 21.00 | NOTE | |||
r-oldrel-macos-x86_64 | 0.1.0 | 33.00 | NOTE | |||
r-oldrel-windows-x86_64 | 0.1.0 | 4.00 | 66.00 | 70.00 | NOTE |
Version: 0.1.0
Check: LazyData
Result: NOTE
'LazyData' is specified without a 'data' directory
Flavors: r-oldrel-macos-arm64, r-oldrel-macos-x86_64, r-oldrel-windows-x86_64
These binaries (installable software) and packages are in development.
They may not be fully stable and should be used with caution. We make no claims about them.