CRAN Package Check Results for Package cvms

Last updated on 2025-10-23 21:51:24 CEST.

Flavor Version Tinstall Tcheck Ttotal Status Flags
r-devel-linux-x86_64-debian-clang 1.8.1 17.96 447.71 465.67 NOTE
r-devel-linux-x86_64-debian-gcc 1.8.1 11.01 317.62 328.63 NOTE
r-devel-linux-x86_64-fedora-clang 1.8.1 85.00 663.44 748.44 OK
r-devel-linux-x86_64-fedora-gcc 1.8.1 31.00 659.17 690.17 OK
r-devel-windows-x86_64 1.8.1 19.00 390.00 409.00 OK
r-patched-linux-x86_64 1.8.1 20.82 428.19 449.01 OK
r-release-linux-x86_64 1.8.1 15.93 426.54 442.47 OK
r-release-macos-arm64 1.8.1 7.00 183.00 190.00 OK
r-release-macos-x86_64 1.8.1 18.00 427.00 445.00 OK
r-release-windows-x86_64 1.8.1 21.00 380.00 401.00 OK
r-oldrel-macos-arm64 1.8.1 8.00 184.00 192.00 OK
r-oldrel-macos-x86_64 1.8.1 10.00 210.00 220.00 OK
r-oldrel-windows-x86_64 1.8.1 25.00 533.00 558.00 OK

Check Details

Version: 1.8.1
Check: HTML version of manual
Result: NOTE Found the following HTML validation problems: cross_validate_fn.html:395:1 (cross_validate_fn.Rd:437): Warning: <h5> anchor "Gaussian" already defined evaluate.html:145:1 (evaluate.Rd:60): Warning: <h5> anchor "Probabilities-+28Preferable+29" already defined evaluate.html:182:1 (evaluate.Rd:76): Warning: <h5> anchor "Classes" already defined most_challenging.html:139:1 (most_challenging.Rd:61): Warning: <h5> anchor "Probabilities-+28Preferable+29" already defined most_challenging.html:176:1 (most_challenging.Rd:77): Warning: <h5> anchor "Classes" already defined most_challenging.html:273:1 (most_challenging.Rd:122): Warning: <h4> anchor "Gaussian" already defined most_challenging.html:297:1 (most_challenging.Rd:132): Warning: <h5> anchor "threshold_is-+22percentage+22" already defined most_challenging.html:308:1 (most_challenging.Rd:139): Warning: <h5> anchor "threshold_is-+22score+22" already defined most_challenging.html:327:1 (most_challenging.Rd:152): Warning: <h4> anchor "Binomial+2C-Multinomial" already defined most_challenging.html:342:1 (most_challenging.Rd:164): Warning: <h4> anchor "Gaussian" already defined validate_fn.html:404:1 (validate_fn.Rd:428): Warning: <h5> anchor "Gaussian" already defined Flavor: r-devel-linux-x86_64-debian-clang

Version: 1.8.1
Check: Rd files
Result: NOTE checkRd: (-1) cross_validate.Rd:105-112: Only 3 columns allowed in this table (row 1 has 2) checkRd: (-1) cross_validate.Rd:105-112: Only 3 columns allowed in this table (row 2 has 2) checkRd: (-1) cross_validate.Rd:105-112: Only 3 columns allowed in this table (row 3 has 2) checkRd: (-1) cross_validate.Rd:105-112: Only 3 columns allowed in this table (row 4 has 2) checkRd: (-1) cross_validate.Rd:105-112: Only 3 columns allowed in this table (row 5 has 2) checkRd: (-1) evaluate.Rd:36-42: Only 5 columns allowed in this table (row 1 has 4) checkRd: (-1) evaluate.Rd:36-42: Only 5 columns allowed in this table (row 2 has 4) checkRd: (-1) evaluate.Rd:36-42: Only 5 columns allowed in this table (row 3 has 4) checkRd: (-1) evaluate.Rd:36-42: Only 5 columns allowed in this table (row 4 has 4) checkRd: (-1) evaluate.Rd:36-42: Only 5 columns allowed in this table (row 5 has 4) checkRd: (-1) evaluate.Rd:48-53: Only 5 columns allowed in this table (row 1 has 2) checkRd: (-1) evaluate.Rd:48-53: Only 5 columns allowed in this table (row 2 has 2) checkRd: (-1) evaluate.Rd:48-53: Only 5 columns allowed in this table (row 3 has 2) checkRd: (-1) evaluate.Rd:48-53: Only 5 columns allowed in this table (row 4 has 2) checkRd: (-1) evaluate.Rd:48-53: Only 5 columns allowed in this table (row 5 has 2) checkRd: (-1) evaluate.Rd:65-70: Only 5 columns allowed in this table (row 1 has 2) checkRd: (-1) evaluate.Rd:65-70: Only 5 columns allowed in this table (row 2 has 2) checkRd: (-1) evaluate.Rd:65-70: Only 5 columns allowed in this table (row 3 has 2) checkRd: (-1) evaluate.Rd:65-70: Only 5 columns allowed in this table (row 4 has 2) checkRd: (-1) evaluate.Rd:65-70: Only 5 columns allowed in this table (row 5 has 2) checkRd: (-1) evaluate.Rd:80-85: Only 5 columns allowed in this table (row 1 has 2) checkRd: (-1) evaluate.Rd:80-85: Only 5 columns allowed in this table (row 2 has 2) checkRd: (-1) evaluate.Rd:80-85: Only 5 columns allowed in this table (row 3 has 2) checkRd: (-1) evaluate.Rd:80-85: Only 5 columns allowed in this table (row 4 has 2) checkRd: (-1) evaluate.Rd:80-85: Only 5 columns allowed in this table (row 5 has 2) checkRd: (-1) evaluate.Rd:96-101: Only 5 columns allowed in this table (row 1 has 2) checkRd: (-1) evaluate.Rd:96-101: Only 5 columns allowed in this table (row 2 has 2) checkRd: (-1) evaluate.Rd:96-101: Only 5 columns allowed in this table (row 3 has 2) checkRd: (-1) evaluate.Rd:96-101: Only 5 columns allowed in this table (row 4 has 2) checkRd: (-1) evaluate.Rd:96-101: Only 5 columns allowed in this table (row 5 has 2) checkRd: (-1) most_challenging.Rd:37-43: Only 5 columns allowed in this table (row 1 has 4) checkRd: (-1) most_challenging.Rd:37-43: Only 5 columns allowed in this table (row 2 has 4) checkRd: (-1) most_challenging.Rd:37-43: Only 5 columns allowed in this table (row 3 has 4) checkRd: (-1) most_challenging.Rd:37-43: Only 5 columns allowed in this table (row 4 has 4) checkRd: (-1) most_challenging.Rd:37-43: Only 5 columns allowed in this table (row 5 has 4) checkRd: (-1) most_challenging.Rd:49-54: Only 5 columns allowed in this table (row 1 has 2) checkRd: (-1) most_challenging.Rd:49-54: Only 5 columns allowed in this table (row 2 has 2) checkRd: (-1) most_challenging.Rd:49-54: Only 5 columns allowed in this table (row 3 has 2) checkRd: (-1) most_challenging.Rd:49-54: Only 5 columns allowed in this table (row 4 has 2) checkRd: (-1) most_challenging.Rd:49-54: Only 5 columns allowed in this table (row 5 has 2) checkRd: (-1) most_challenging.Rd:66-71: Only 5 columns allowed in this table (row 1 has 2) checkRd: (-1) most_challenging.Rd:66-71: Only 5 columns allowed in this table (row 2 has 2) checkRd: (-1) most_challenging.Rd:66-71: Only 5 columns allowed in this table (row 3 has 2) checkRd: (-1) most_challenging.Rd:66-71: Only 5 columns allowed in this table (row 4 has 2) checkRd: (-1) most_challenging.Rd:66-71: Only 5 columns allowed in this table (row 5 has 2) checkRd: (-1) most_challenging.Rd:81-86: Only 5 columns allowed in this table (row 1 has 2) checkRd: (-1) most_challenging.Rd:81-86: Only 5 columns allowed in this table (row 2 has 2) checkRd: (-1) most_challenging.Rd:81-86: Only 5 columns allowed in this table (row 3 has 2) checkRd: (-1) most_challenging.Rd:81-86: Only 5 columns allowed in this table (row 4 has 2) checkRd: (-1) most_challenging.Rd:81-86: Only 5 columns allowed in this table (row 5 has 2) checkRd: (-1) most_challenging.Rd:93-98: Only 5 columns allowed in this table (row 1 has 2) checkRd: (-1) most_challenging.Rd:93-98: Only 5 columns allowed in this table (row 2 has 2) checkRd: (-1) most_challenging.Rd:93-98: Only 5 columns allowed in this table (row 3 has 2) checkRd: (-1) most_challenging.Rd:93-98: Only 5 columns allowed in this table (row 4 has 2) checkRd: (-1) most_challenging.Rd:93-98: Only 5 columns allowed in this table (row 5 has 2) checkRd: (-1) preprocess_functions.Rd:13-20: Only 3 columns allowed in this table (row 1 has 2) checkRd: (-1) preprocess_functions.Rd:13-20: Only 3 columns allowed in this table (row 2 has 2) checkRd: (-1) preprocess_functions.Rd:13-20: Only 3 columns allowed in this table (row 3 has 2) checkRd: (-1) preprocess_functions.Rd:13-20: Only 3 columns allowed in this table (row 4 has 2) checkRd: (-1) preprocess_functions.Rd:13-20: Only 3 columns allowed in this table (row 5 has 2) checkRd: (-1) preprocess_functions.Rd:13-20: Only 3 columns allowed in this table (row 6 has 2) checkRd: (-1) validate.Rd:113-120: Only 3 columns allowed in this table (row 1 has 2) checkRd: (-1) validate.Rd:113-120: Only 3 columns allowed in this table (row 2 has 2) checkRd: (-1) validate.Rd:113-120: Only 3 columns allowed in this table (row 3 has 2) checkRd: (-1) validate.Rd:113-120: Only 3 columns allowed in this table (row 4 has 2) checkRd: (-1) validate.Rd:113-120: Only 3 columns allowed in this table (row 5 has 2) Flavor: r-devel-linux-x86_64-debian-gcc

These binaries (installable software) and packages are in development.
They may not be fully stable and should be used with caution. We make no claims about them.