Last updated on 2025-05-21 17:52:08 CEST.
Flavor | Version | Tinstall | Tcheck | Ttotal | Status | Flags |
---|---|---|---|---|---|---|
r-devel-linux-x86_64-debian-clang | 1.0.2 | 3.30 | 22.44 | 25.74 | NOTE | |
r-devel-linux-x86_64-debian-gcc | 1.0.2 | 2.18 | 17.46 | 19.64 | NOTE | |
r-devel-linux-x86_64-fedora-clang | 1.0.2 | 39.67 | OK | |||
r-devel-linux-x86_64-fedora-gcc | 1.0.2 | 37.54 | OK | |||
r-devel-windows-x86_64 | 1.0.2 | 5.00 | 47.00 | 52.00 | OK | |
r-patched-linux-x86_64 | 1.0.2 | 3.37 | 21.43 | 24.80 | OK | |
r-release-linux-x86_64 | 1.0.2 | 3.12 | 21.72 | 24.84 | OK | |
r-release-macos-arm64 | 1.0.2 | 16.00 | OK | |||
r-release-macos-x86_64 | 1.0.2 | 28.00 | OK | |||
r-release-windows-x86_64 | 1.0.2 | 6.00 | 56.00 | 62.00 | OK | |
r-oldrel-macos-arm64 | 1.0.2 | 17.00 | OK | |||
r-oldrel-macos-x86_64 | 1.0.2 | 30.00 | OK | |||
r-oldrel-windows-x86_64 | 1.0.2 | 3.00 | 50.00 | 53.00 | OK |
Version: 1.0.2
Check: CRAN incoming feasibility
Result: NOTE
Maintainer: ‘Jiqiang Guo <guojq28@gmail.com>’
No Authors@R field in DESCRIPTION.
Please add one, modifying
Authors@R: person(given = "Jiqiang",
family = "Guo",
role = c("aut", "cre"),
email = "guojq28@gmail.com")
as necessary.
Flavors: r-devel-linux-x86_64-debian-clang, r-devel-linux-x86_64-debian-gcc
These binaries (installable software) and packages are in development.
They may not be fully stable and should be used with caution. We make no claims about them.