CRAN Package Check Results for Package cyclocomp

Last updated on 2025-05-08 04:52:02 CEST.

Flavor Version Tinstall Tcheck Ttotal Status Flags
r-devel-linux-x86_64-debian-clang 1.1.1 2.27 26.50 28.77 NOTE
r-devel-linux-x86_64-debian-gcc 1.1.1 1.35 21.51 22.86 NOTE
r-devel-linux-x86_64-fedora-clang 1.1.1 42.87 OK
r-devel-linux-x86_64-fedora-gcc 1.1.1 42.67 OK
r-devel-windows-x86_64 1.1.1 3.00 51.00 54.00 OK
r-patched-linux-x86_64 1.1.1 2.04 24.35 26.39 OK
r-release-linux-x86_64 1.1.1 2.30 24.65 26.95 OK
r-release-macos-arm64 1.1.1 20.00 OK
r-release-macos-x86_64 1.1.1 30.00 OK
r-release-windows-x86_64 1.1.1 4.00 52.00 56.00 OK
r-oldrel-macos-arm64 1.1.1 19.00 OK
r-oldrel-macos-x86_64 1.1.1 31.00 OK
r-oldrel-windows-x86_64 1.1.1 4.00 54.00 58.00 OK

Check Details

Version: 1.1.1
Check: CRAN incoming feasibility
Result: NOTE Maintainer: ‘Gabor Csardi <csardi.gabor@gmail.com>’ No Authors@R field in DESCRIPTION. Please add one, modifying Authors@R: person(given = "Gabor", family = "Csardi", role = c("aut", "cre"), email = "csardi.gabor@gmail.com") as necessary. Flavors: r-devel-linux-x86_64-debian-clang, r-devel-linux-x86_64-debian-gcc

These binaries (installable software) and packages are in development.
They may not be fully stable and should be used with caution. We make no claims about them.