CRAN Package Check Results for Package cycloids

Last updated on 2025-11-11 15:50:31 CET.

Flavor Version Tinstall Tcheck Ttotal Status Flags
r-devel-linux-x86_64-debian-clang 1.0.2 1.49 29.83 31.32 NOTE
r-devel-linux-x86_64-debian-gcc 1.0.2 1.42 24.20 25.62 NOTE
r-devel-linux-x86_64-fedora-clang 1.0.2 45.94 OK
r-devel-linux-x86_64-fedora-gcc 1.0.2 44.70 OK
r-devel-windows-x86_64 1.0.2 3.00 46.00 49.00 OK
r-patched-linux-x86_64 1.0.2 2.09 28.80 30.89 OK
r-release-linux-x86_64 1.0.2 1.71 28.52 30.23 OK
r-release-macos-arm64 1.0.2 1.00 20.00 21.00 OK
r-release-macos-x86_64 1.0.2 2.00 32.00 34.00 OK
r-release-windows-x86_64 1.0.2 3.00 46.00 49.00 OK
r-oldrel-macos-arm64 1.0.2 1.00 19.00 20.00 OK
r-oldrel-macos-x86_64 1.0.2 2.00 28.00 30.00 OK
r-oldrel-windows-x86_64 1.0.2 3.00 47.00 50.00 OK

Check Details

Version: 1.0.2
Check: CRAN incoming feasibility
Result: NOTE Maintainer: ‘Peter Biber <castor.fiber@gmx.de>’ No Authors@R field in DESCRIPTION. Please add one, modifying Authors@R: person(given = "Peter", family = "Biber", role = c("aut", "cre"), email = "castor.fiber@gmx.de") as necessary. Flavors: r-devel-linux-x86_64-debian-clang, r-devel-linux-x86_64-debian-gcc

These binaries (installable software) and packages are in development.
They may not be fully stable and should be used with caution. We make no claims about them.