Last updated on 2025-02-16 10:50:44 CET.
Flavor | Version | Tinstall | Tcheck | Ttotal | Status | Flags |
---|---|---|---|---|---|---|
r-devel-linux-x86_64-debian-clang | 1.0.2 | 11.52 | 169.83 | 181.35 | NOTE | |
r-devel-linux-x86_64-debian-gcc | 1.0.2 | 7.09 | 114.25 | 121.34 | NOTE | |
r-devel-linux-x86_64-fedora-clang | 1.0.2 | 314.07 | NOTE | |||
r-devel-linux-x86_64-fedora-gcc | 1.0.2 | 306.03 | NOTE | |||
r-devel-macos-arm64 | 1.0.2 | 87.00 | NOTE | |||
r-devel-macos-x86_64 | 1.0.2 | 172.00 | NOTE | |||
r-devel-windows-x86_64 | 1.0.2 | 12.00 | 173.00 | 185.00 | NOTE | |
r-patched-linux-x86_64 | 1.0.2 | 10.92 | 158.64 | 169.56 | NOTE | |
r-release-linux-x86_64 | 1.0.2 | 8.92 | 159.36 | 168.28 | NOTE | |
r-release-macos-arm64 | 1.0.2 | 83.00 | NOTE | |||
r-release-macos-x86_64 | 1.0.2 | 134.00 | NOTE | |||
r-release-windows-x86_64 | 1.0.2 | 12.00 | 176.00 | 188.00 | NOTE | |
r-oldrel-macos-arm64 | 1.0.2 | 87.00 | NOTE | |||
r-oldrel-macos-x86_64 | 1.0.2 | 154.00 | NOTE | |||
r-oldrel-windows-x86_64 | 1.0.2 | 16.00 | 210.00 | 226.00 | NOTE |
Version: 1.0.2
Check: package subdirectories
Result: NOTE
Problems with news in ‘NEWS.md’:
No news entries found.
Flavors: r-devel-linux-x86_64-debian-clang, r-devel-linux-x86_64-debian-gcc, r-devel-linux-x86_64-fedora-clang, r-devel-linux-x86_64-fedora-gcc, r-devel-macos-arm64, r-devel-macos-x86_64, r-devel-windows-x86_64, r-patched-linux-x86_64, r-release-linux-x86_64, r-release-macos-arm64, r-release-macos-x86_64, r-release-windows-x86_64, r-oldrel-macos-arm64, r-oldrel-macos-x86_64, r-oldrel-windows-x86_64
Version: 1.0.2
Check: Rd cross-references
Result: NOTE
Found the following Rd file(s) with Rd \link{} targets missing package
anchors:
simulate_cycloSurv.Rd: Surv
Please provide package anchors for all Rd \link{} targets not in the
package itself and the base packages.
Flavors: r-devel-linux-x86_64-debian-clang, r-devel-linux-x86_64-debian-gcc, r-devel-windows-x86_64
These binaries (installable software) and packages are in development.
They may not be fully stable and should be used with caution. We make no claims about them.