CRAN Package Check Results for Package cyjShiny

Last updated on 2025-07-17 21:50:43 CEST.

Flavor Version Tinstall Tcheck Ttotal Status Flags
r-devel-linux-x86_64-debian-clang 1.0.42 4.45 48.89 53.34 OK
r-devel-linux-x86_64-debian-gcc 1.0.42 4.06 37.99 42.05 OK
r-devel-linux-x86_64-fedora-clang 1.0.42 84.03 OK
r-devel-linux-x86_64-fedora-gcc 1.0.42 90.98 OK
r-devel-windows-x86_64 1.0.42 10.00 71.00 81.00 OK
r-patched-linux-x86_64 1.0.42 4.85 46.05 50.90 OK
r-release-linux-x86_64 1.0.42 5.09 46.18 51.27 OK
r-release-macos-arm64 1.0.42 40.00 OK
r-release-macos-x86_64 1.0.42 64.00 OK
r-release-windows-x86_64 1.0.42 9.00 69.00 78.00 OK
r-oldrel-macos-arm64 1.0.42 34.00 NOTE
r-oldrel-macos-x86_64 1.0.42 51.00 NOTE
r-oldrel-windows-x86_64 1.0.42 11.00 86.00 97.00 NOTE

Check Details

Version: 1.0.42
Check: installed package size
Result: NOTE installed size is 5.8Mb sub-directories of 1Mb or more: docs 1.0Mb extdata 1.3Mb htmlwidgets 1.4Mb Flavors: r-oldrel-macos-arm64, r-oldrel-macos-x86_64, r-oldrel-windows-x86_64

These binaries (installable software) and packages are in development.
They may not be fully stable and should be used with caution. We make no claims about them.