Last updated on 2025-10-23 23:49:26 CEST.
| Flavor | Version | Tinstall | Tcheck | Ttotal | Status | Flags |
|---|---|---|---|---|---|---|
| r-devel-linux-x86_64-debian-clang | 1.0.42 | 5.14 | 50.37 | 55.51 | OK | |
| r-devel-linux-x86_64-debian-gcc | 1.0.42 | 4.28 | 38.74 | 43.02 | OK | |
| r-devel-linux-x86_64-fedora-clang | 1.0.42 | 15.00 | 71.28 | 86.28 | OK | |
| r-devel-linux-x86_64-fedora-gcc | 1.0.42 | 13.00 | 80.53 | 93.53 | OK | |
| r-devel-windows-x86_64 | 1.0.42 | 11.00 | 67.00 | 78.00 | OK | |
| r-patched-linux-x86_64 | 1.0.42 | 5.61 | 47.88 | 53.49 | OK | |
| r-release-linux-x86_64 | 1.0.42 | 4.91 | 47.26 | 52.17 | OK | |
| r-release-macos-arm64 | 1.0.42 | 3.00 | 37.00 | 40.00 | OK | |
| r-release-macos-x86_64 | 1.0.42 | 6.00 | 58.00 | 64.00 | OK | |
| r-release-windows-x86_64 | 1.0.42 | 10.00 | 72.00 | 82.00 | OK | |
| r-oldrel-macos-arm64 | 1.0.42 | 3.00 | 31.00 | 34.00 | NOTE | |
| r-oldrel-macos-x86_64 | 1.0.42 | 4.00 | 47.00 | 51.00 | NOTE | |
| r-oldrel-windows-x86_64 | 1.0.42 | 11.00 | 82.00 | 93.00 | NOTE |
Version: 1.0.42
Check: installed package size
Result: NOTE
installed size is 5.8Mb
sub-directories of 1Mb or more:
docs 1.0Mb
extdata 1.3Mb
htmlwidgets 1.4Mb
Flavors: r-oldrel-macos-arm64, r-oldrel-macos-x86_64, r-oldrel-windows-x86_64
These binaries (installable software) and packages are in development.
They may not be fully stable and should be used with caution. We make no claims about them.