Last updated on 2025-10-23 15:49:50 CEST.
Flavor | Version | Tinstall | Tcheck | Ttotal | Status | Flags |
---|---|---|---|---|---|---|
r-devel-linux-x86_64-debian-clang | 0.1.0 | 5.69 | 60.48 | 66.17 | NOTE | |
r-devel-linux-x86_64-debian-gcc | 0.1.0 | 4.34 | 43.97 | 48.31 | NOTE | |
r-devel-linux-x86_64-fedora-clang | 0.1.0 | 32.00 | 75.59 | 107.59 | NOTE | |
r-devel-linux-x86_64-fedora-gcc | 0.1.0 | 21.00 | 80.90 | 101.90 | NOTE | |
r-devel-windows-x86_64 | 0.1.0 | 8.00 | 71.00 | 79.00 | NOTE | |
r-patched-linux-x86_64 | 0.1.0 | 6.21 | 56.15 | 62.36 | NOTE | |
r-release-linux-x86_64 | 0.1.0 | 5.54 | 56.35 | 61.89 | NOTE | |
r-release-macos-arm64 | 0.1.0 | 3.00 | 24.00 | 27.00 | NOTE | |
r-release-macos-x86_64 | 0.1.0 | 5.00 | 40.00 | 45.00 | NOTE | |
r-release-windows-x86_64 | 0.1.0 | 8.00 | 72.00 | 80.00 | NOTE | |
r-oldrel-macos-arm64 | 0.1.0 | 3.00 | 24.00 | 27.00 | NOTE | |
r-oldrel-macos-x86_64 | 0.1.0 | 4.00 | 34.00 | 38.00 | NOTE | |
r-oldrel-windows-x86_64 | 0.1.0 | 10.00 | 89.00 | 99.00 | NOTE |
Version: 0.1.0
Check: Rd files
Result: NOTE
checkRd: (-1) fit.Rd:37: Lost braces in \itemize; meant \describe ?
checkRd: (-1) fit.Rd:38: Lost braces in \itemize; meant \describe ?
checkRd: (-1) fit.Rd:39: Lost braces in \itemize; meant \describe ?
Flavors: r-devel-linux-x86_64-debian-clang, r-devel-linux-x86_64-debian-gcc, r-devel-windows-x86_64, r-patched-linux-x86_64, r-release-linux-x86_64, r-release-macos-arm64, r-release-macos-x86_64, r-release-windows-x86_64, r-oldrel-macos-arm64, r-oldrel-macos-x86_64, r-oldrel-windows-x86_64
Version: 0.1.0
Check: Rd files
Result: NOTE
checkRd: (-1) cystiSim-package.Rd:26-46: Only 2 columns allowed in this table (row 1 has 1)
checkRd: (-1) cystiSim-package.Rd:26-46: Only 2 columns allowed in this table (row 4 has 1)
checkRd: (-1) cystiSim-package.Rd:26-46: Only 2 columns allowed in this table (row 5 has 1)
checkRd: (-1) cystiSim-package.Rd:26-46: Only 2 columns allowed in this table (row 9 has 1)
checkRd: (-1) cystiSim-package.Rd:26-46: Only 2 columns allowed in this table (row 10 has 1)
checkRd: (-1) cystiSim-package.Rd:26-46: Only 2 columns allowed in this table (row 15 has 1)
checkRd: (-1) cystiSim-package.Rd:26-46: Only 2 columns allowed in this table (row 16 has 1)
checkRd: (-1) cystiSim-package.Rd:26-46: Only 2 columns allowed in this table (row 20 has 1)
checkRd: (-1) fit.Rd:37: Lost braces in \itemize; meant \describe ?
checkRd: (-1) fit.Rd:38: Lost braces in \itemize; meant \describe ?
checkRd: (-1) fit.Rd:39: Lost braces in \itemize; meant \describe ?
Flavors: r-devel-linux-x86_64-fedora-clang, r-devel-linux-x86_64-fedora-gcc
These binaries (installable software) and packages are in development.
They may not be fully stable and should be used with caution. We make no claims about them.