Last updated on 2025-02-16 10:50:44 CET.
Flavor | Version | Tinstall | Tcheck | Ttotal | Status | Flags |
---|---|---|---|---|---|---|
r-devel-linux-x86_64-debian-clang | 2.0.2 | 24.67 | 386.86 | 411.53 | NOTE | |
r-devel-linux-x86_64-debian-gcc | 2.0.2 | 16.89 | 247.68 | 264.57 | NOTE | |
r-devel-linux-x86_64-fedora-clang | 2.0.2 | 733.49 | NOTE | |||
r-devel-linux-x86_64-fedora-gcc | 2.0.2 | 676.98 | NOTE | |||
r-devel-macos-arm64 | 2.0.2 | 165.00 | NOTE | |||
r-devel-macos-x86_64 | 2.0.2 | 416.00 | NOTE | |||
r-devel-windows-x86_64 | 2.0.2 | 30.00 | 393.00 | 423.00 | NOTE | |
r-patched-linux-x86_64 | 2.0.2 | 24.11 | 366.23 | 390.34 | NOTE | |
r-release-linux-x86_64 | 2.0.2 | 23.51 | 368.68 | 392.19 | NOTE | |
r-release-macos-arm64 | 2.0.2 | 178.00 | NOTE | |||
r-release-macos-x86_64 | 2.0.2 | 304.00 | NOTE | |||
r-release-windows-x86_64 | 2.0.2 | 28.00 | 399.00 | 427.00 | NOTE | |
r-oldrel-macos-arm64 | 2.0.2 | 189.00 | OK | |||
r-oldrel-macos-x86_64 | 2.0.2 | 345.00 | OK | |||
r-oldrel-windows-x86_64 | 2.0.2 | 34.00 | 496.00 | 530.00 | OK |
Version: 2.0.2
Check: Rd files
Result: NOTE
checkRd: (-1) CytofTree.Rd:47-48: Lost braces in \itemize; \value handles \item{}{} directly
checkRd: (-1) CytofTree.Rd:49: Lost braces in \itemize; \value handles \item{}{} directly
checkRd: (-1) CytofTree.Rd:50: Lost braces in \itemize; \value handles \item{}{} directly
checkRd: (-1) CytofTree.Rd:51-52: Lost braces in \itemize; \value handles \item{}{} directly
checkRd: (-1) CytofTree.Rd:53: Lost braces in \itemize; \value handles \item{}{} directly
checkRd: (-1) CytofTree.Rd:54: Lost braces in \itemize; \value handles \item{}{} directly
checkRd: (-1) CytomeTree.Rd:33-34: Lost braces in \itemize; \value handles \item{}{} directly
checkRd: (-1) CytomeTree.Rd:35: Lost braces in \itemize; \value handles \item{}{} directly
checkRd: (-1) CytomeTree.Rd:36: Lost braces in \itemize; \value handles \item{}{} directly
checkRd: (-1) CytomeTree.Rd:37-38: Lost braces in \itemize; \value handles \item{}{} directly
checkRd: (-1) RetrievePops.Rd:20-21: Lost braces in \itemize; \value handles \item{}{} directly
checkRd: (-1) RetrievePops.Rd:22-23: Lost braces in \itemize; \value handles \item{}{} directly
Flavors: r-devel-linux-x86_64-debian-clang, r-devel-linux-x86_64-debian-gcc, r-devel-linux-x86_64-fedora-clang, r-devel-linux-x86_64-fedora-gcc, r-devel-macos-arm64, r-devel-macos-x86_64, r-devel-windows-x86_64, r-patched-linux-x86_64, r-release-linux-x86_64, r-release-macos-arm64, r-release-macos-x86_64, r-release-windows-x86_64
These binaries (installable software) and packages are in development.
They may not be fully stable and should be used with caution. We make no claims about them.