Last updated on 2025-11-11 15:50:31 CET.
| Flavor | Version | Tinstall | Tcheck | Ttotal | Status | Flags |
|---|---|---|---|---|---|---|
| r-devel-linux-x86_64-debian-clang | 0.2.2 | 7.12 | 120.13 | 127.25 | OK | |
| r-devel-linux-x86_64-debian-gcc | 0.2.2 | 5.69 | 86.96 | 92.65 | OK | |
| r-devel-linux-x86_64-fedora-clang | 0.2.2 | 33.00 | 175.89 | 208.89 | OK | |
| r-devel-linux-x86_64-fedora-gcc | 0.2.2 | 15.00 | 186.47 | 201.47 | OK | |
| r-devel-windows-x86_64 | 0.2.2 | 10.00 | 118.00 | 128.00 | OK | |
| r-patched-linux-x86_64 | 0.2.2 | 7.30 | 113.72 | 121.02 | OK | |
| r-release-linux-x86_64 | 0.2.2 | 7.27 | 113.29 | 120.56 | OK | |
| r-release-macos-arm64 | 0.2.2 | 3.00 | 60.00 | 63.00 | OK | |
| r-release-macos-x86_64 | 0.2.2 | 7.00 | 118.00 | 125.00 | OK | |
| r-release-windows-x86_64 | 0.2.2 | 8.00 | 118.00 | 126.00 | OK | |
| r-oldrel-macos-arm64 | 0.2.2 | 3.00 | 52.00 | 55.00 | NOTE | |
| r-oldrel-macos-x86_64 | 0.2.2 | 5.00 | 84.00 | 89.00 | NOTE | |
| r-oldrel-windows-x86_64 | 0.2.2 | 12.00 | 148.00 | 160.00 | NOTE |
Version: 0.2.2
Check: LazyData
Result: NOTE
'LazyData' is specified without a 'data' directory
Flavors: r-oldrel-macos-arm64, r-oldrel-macos-x86_64, r-oldrel-windows-x86_64
These binaries (installable software) and packages are in development.
They may not be fully stable and should be used with caution. We make no claims about them.