Last updated on 2025-10-24 05:50:36 CEST.
| Flavor | Version | Tinstall | Tcheck | Ttotal | Status | Flags |
|---|---|---|---|---|---|---|
| r-devel-linux-x86_64-debian-clang | 0.5.2.1 | 2.64 | 27.98 | 30.62 | NOTE | |
| r-devel-linux-x86_64-debian-gcc | 0.5.2.1 | 2.00 | 22.34 | 24.34 | NOTE | |
| r-devel-linux-x86_64-fedora-clang | 0.5.2.1 | 47.36 | OK | |||
| r-devel-linux-x86_64-fedora-gcc | 0.5.2.1 | 42.38 | OK | |||
| r-devel-windows-x86_64 | 0.5.2.1 | 4.00 | 47.00 | 51.00 | OK | |
| r-patched-linux-x86_64 | 0.5.2.1 | 2.94 | 26.54 | 29.48 | OK | |
| r-release-linux-x86_64 | 0.5.2.1 | 2.12 | 26.79 | 28.91 | OK | |
| r-release-macos-arm64 | 0.5.2.1 | 1.00 | 16.00 | 17.00 | OK | |
| r-release-macos-x86_64 | 0.5.2.1 | 2.00 | 31.00 | 33.00 | OK | |
| r-release-windows-x86_64 | 0.5.2.1 | 4.00 | 47.00 | 51.00 | OK | |
| r-oldrel-macos-arm64 | 0.5.2.1 | 1.00 | 17.00 | 18.00 | OK | |
| r-oldrel-macos-x86_64 | 0.5.2.1 | 3.00 | 24.00 | 27.00 | OK | |
| r-oldrel-windows-x86_64 | 0.5.2.1 | 5.00 | 52.00 | 57.00 | OK |
Version: 0.5.2.1
Check: CRAN incoming feasibility
Result: NOTE
Maintainer: ‘Christopher Gandrud <christopher.gandrud@gmail.com>’
No Authors@R field in DESCRIPTION.
Please add one, modifying
Authors@R: person(given = "Christopher",
family = "Gandrud",
role = c("aut", "cre"),
email = "christopher.gandrud@gmail.com")
as necessary.
Flavors: r-devel-linux-x86_64-debian-clang, r-devel-linux-x86_64-debian-gcc
These binaries (installable software) and packages are in development.
They may not be fully stable and should be used with caution. We make no claims about them.