CRAN Package Check Results for Package d3Tree

Last updated on 2025-10-23 17:50:45 CEST.

Flavor Version Tinstall Tcheck Ttotal Status Flags
r-devel-linux-x86_64-debian-clang 0.3.0 4.03 34.49 38.52 NOTE
r-devel-linux-x86_64-debian-gcc 0.3.0 2.82 25.36 28.18 NOTE
r-devel-linux-x86_64-fedora-clang 0.3.0 12.00 46.70 58.70 NOTE
r-devel-linux-x86_64-fedora-gcc 0.3.0 53.31 NOTE
r-devel-windows-x86_64 0.3.0 7.00 50.00 57.00 NOTE
r-patched-linux-x86_64 0.3.0 4.00 32.23 36.23 NOTE
r-release-linux-x86_64 0.3.0 3.77 31.98 35.75 NOTE
r-release-macos-arm64 0.3.0 2.00 19.00 21.00 NOTE
r-release-macos-x86_64 0.3.0 3.00 30.00 33.00 NOTE
r-release-windows-x86_64 0.3.0 7.00 52.00 59.00 NOTE
r-oldrel-macos-arm64 0.3.0 2.00 19.00 21.00 OK
r-oldrel-macos-x86_64 0.3.0 3.00 27.00 30.00 OK
r-oldrel-windows-x86_64 0.3.0 7.00 60.00 67.00 OK

Check Details

Version: 0.3.0
Check: DESCRIPTION meta-information
Result: NOTE Missing dependency on R >= 4.1.0 because package code uses the pipe |> or function shorthand \(...) syntax added in R 4.1.0. File(s) using such syntax: ‘d3TreeFunctions.R’ Flavors: r-devel-linux-x86_64-debian-clang, r-devel-linux-x86_64-debian-gcc, r-devel-linux-x86_64-fedora-clang, r-devel-linux-x86_64-fedora-gcc, r-devel-windows-x86_64, r-patched-linux-x86_64, r-release-linux-x86_64, r-release-macos-arm64, r-release-macos-x86_64, r-release-windows-x86_64

Version: 0.3.0
Check: HTML version of manual
Result: NOTE Found the following HTML validation problems: d3tree-shiny.html:68:1 (d3tree-shiny.Rd:25): Warning: missing </ul> before </div> Flavor: r-devel-linux-x86_64-debian-clang

These binaries (installable software) and packages are in development.
They may not be fully stable and should be used with caution. We make no claims about them.