CRAN Package Check Results for Package d4storagehub4R

Last updated on 2025-02-16 10:50:44 CET.

Flavor Version Tinstall Tcheck Ttotal Status Flags
r-devel-linux-x86_64-debian-clang 0.4-4 5.45 34.81 40.26 NOTE
r-devel-linux-x86_64-debian-gcc 0.4-4 3.88 26.44 30.32 NOTE
r-devel-linux-x86_64-fedora-clang 0.4-4 69.51 OK
r-devel-linux-x86_64-fedora-gcc 0.4-4 65.73 OK
r-devel-macos-arm64 0.4-4 23.00 OK
r-devel-macos-x86_64 0.4-4 40.00 OK
r-devel-windows-x86_64 0.4-4 6.00 54.00 60.00 NOTE
r-patched-linux-x86_64 0.4-4 8.84 32.56 41.40 OK
r-release-linux-x86_64 0.4-4 5.54 32.46 38.00 OK
r-release-macos-arm64 0.4-4 23.00 OK
r-release-macos-x86_64 0.4-4 36.00 OK
r-release-windows-x86_64 0.4-4 6.00 53.00 59.00 OK
r-oldrel-macos-arm64 0.4-4 29.00 OK
r-oldrel-macos-x86_64 0.4-4 60.00 OK
r-oldrel-windows-x86_64 0.4-4 7.00 75.00 82.00 OK

Check Details

Version: 0.4-4
Check: Rd cross-references
Result: NOTE Found the following Rd file(s) with Rd \link{} targets missing package anchors: StoragehubManager.Rd: R6Class d4storagehub4RLogger.Rd: R6Class Please provide package anchors for all Rd \link{} targets not in the package itself and the base packages. Flavors: r-devel-linux-x86_64-debian-clang, r-devel-linux-x86_64-debian-gcc, r-devel-windows-x86_64

These binaries (installable software) and packages are in development.
They may not be fully stable and should be used with caution. We make no claims about them.