Last updated on 2025-02-16 10:50:44 CET.
Flavor | Version | Tinstall | Tcheck | Ttotal | Status | Flags |
---|---|---|---|---|---|---|
r-devel-linux-x86_64-debian-clang | 1.2 | 34.72 | 299.27 | 333.99 | OK | |
r-devel-linux-x86_64-debian-gcc | 1.2 | 23.59 | 216.50 | 240.09 | OK | |
r-devel-linux-x86_64-fedora-clang | 1.2 | 578.76 | OK | |||
r-devel-linux-x86_64-fedora-gcc | 1.2 | 513.47 | OK | |||
r-devel-macos-arm64 | 1.2 | 118.00 | OK | |||
r-devel-macos-x86_64 | 1.2 | 7.00 | ERROR | |||
r-devel-windows-x86_64 | 1.2 | 32.00 | 251.00 | 283.00 | OK | |
r-patched-linux-x86_64 | 1.2 | 35.05 | 266.89 | 301.94 | NOTE | |
r-release-linux-x86_64 | 1.2 | 31.51 | 266.32 | 297.83 | NOTE | |
r-release-macos-arm64 | 1.2 | 113.00 | NOTE | |||
r-release-macos-x86_64 | 1.2 | 185.00 | NOTE | |||
r-release-windows-x86_64 | 1.2 | 33.00 | 241.00 | 274.00 | NOTE | |
r-oldrel-macos-arm64 | 1.2 | 116.00 | NOTE | |||
r-oldrel-macos-x86_64 | 1.2 | 316.00 | NOTE | |||
r-oldrel-windows-x86_64 | 1.2 | 30.00 | 304.00 | 334.00 | NOTE |
Version: 1.2
Check: package dependencies
Result: ERROR
Package required but not available: ‘MLInterfaces’
See section ‘The DESCRIPTION file’ in the ‘Writing R Extensions’
manual.
Flavor: r-devel-macos-x86_64
Version: 1.2
Check: LazyData
Result: NOTE
'LazyData' is specified without a 'data' directory
Flavors: r-patched-linux-x86_64, r-release-linux-x86_64, r-release-macos-arm64, r-release-macos-x86_64, r-release-windows-x86_64, r-oldrel-macos-arm64, r-oldrel-macos-x86_64, r-oldrel-windows-x86_64
These binaries (installable software) and packages are in development.
They may not be fully stable and should be used with caution. We make no claims about them.