Last updated on 2025-11-12 23:50:42 CET.
| Flavor | Version | Tinstall | Tcheck | Ttotal | Status | Flags |
|---|---|---|---|---|---|---|
| r-devel-linux-x86_64-debian-clang | 1.1.13 | 12.06 | 83.75 | 95.81 | NOTE | |
| r-devel-linux-x86_64-debian-gcc | 1.1.13 | 7.77 | 61.45 | 69.22 | NOTE | |
| r-devel-linux-x86_64-fedora-clang | 1.1.13 | 23.00 | 119.60 | 142.60 | OK | |
| r-devel-linux-x86_64-fedora-gcc | 1.1.13 | 25.00 | 113.62 | 138.62 | OK | |
| r-devel-windows-x86_64 | 1.1.13 | 14.00 | 90.00 | 104.00 | OK | |
| r-patched-linux-x86_64 | 1.1.13 | 10.82 | 78.03 | 88.85 | OK | |
| r-release-linux-x86_64 | 1.1.13 | 10.75 | 78.93 | 89.68 | OK | |
| r-release-macos-arm64 | 1.1.13 | 5.00 | 34.00 | 39.00 | OK | |
| r-release-macos-x86_64 | 1.1.13 | 10.00 | 68.00 | 78.00 | OK | |
| r-release-windows-x86_64 | 1.1.13 | 14.00 | 89.00 | 103.00 | OK | |
| r-oldrel-macos-arm64 | 1.1.13 | 5.00 | 38.00 | 43.00 | OK | |
| r-oldrel-macos-x86_64 | 1.1.13 | 8.00 | 51.00 | 59.00 | OK | |
| r-oldrel-windows-x86_64 | 1.1.13 | 18.00 | 111.00 | 129.00 | OK |
Version: 1.1.13
Check: CRAN incoming feasibility
Result: NOTE
Maintainer: ‘Haydar Demirhan <haydar.demirhan@rmit.edu.au>’
No Authors@R field in DESCRIPTION.
Please add one, modifying
Authors@R: person(given = "Haydar",
family = "Demirhan",
role = c("aut", "cre", "cph"),
email = "haydar.demirhan@rmit.edu.au",
comment = c(ORCID = "0000-0002-8565-4710"))
as necessary.
Flavors: r-devel-linux-x86_64-debian-clang, r-devel-linux-x86_64-debian-gcc
These binaries (installable software) and packages are in development.
They may not be fully stable and should be used with caution. We make no claims about them.