Last updated on 2025-10-23 15:49:51 CEST.
Flavor | Version | Tinstall | Tcheck | Ttotal | Status | Flags |
---|---|---|---|---|---|---|
r-devel-linux-x86_64-debian-clang | 1.1.13 | 9.68 | 83.10 | 92.78 | NOTE | |
r-devel-linux-x86_64-debian-gcc | 1.1.13 | 7.87 | 59.69 | 67.56 | NOTE | |
r-devel-linux-x86_64-fedora-clang | 1.1.13 | 32.00 | 116.10 | 148.10 | OK | |
r-devel-linux-x86_64-fedora-gcc | 1.1.13 | 23.00 | 114.28 | 137.28 | OK | |
r-devel-windows-x86_64 | 1.1.13 | 13.00 | 100.00 | 113.00 | OK | |
r-patched-linux-x86_64 | 1.1.13 | 11.58 | 79.30 | 90.88 | OK | |
r-release-linux-x86_64 | 1.1.13 | 11.84 | 78.82 | 90.66 | OK | |
r-release-macos-arm64 | 1.1.13 | 5.00 | 34.00 | 39.00 | OK | |
r-release-macos-x86_64 | 1.1.13 | 10.00 | 68.00 | 78.00 | OK | |
r-release-windows-x86_64 | 1.1.13 | 14.00 | 92.00 | 106.00 | OK | |
r-oldrel-macos-arm64 | 1.1.13 | 5.00 | 38.00 | 43.00 | OK | |
r-oldrel-macos-x86_64 | 1.1.13 | 8.00 | 51.00 | 59.00 | OK | |
r-oldrel-windows-x86_64 | 1.1.13 | 18.00 | 115.00 | 133.00 | OK |
Version: 1.1.13
Check: CRAN incoming feasibility
Result: NOTE
Maintainer: ‘Haydar Demirhan <haydar.demirhan@rmit.edu.au>’
No Authors@R field in DESCRIPTION.
Please add one, modifying
Authors@R: person(given = "Haydar",
family = "Demirhan",
role = c("aut", "cre", "cph"),
email = "haydar.demirhan@rmit.edu.au",
comment = c(ORCID = "0000-0002-8565-4710"))
as necessary.
Flavors: r-devel-linux-x86_64-debian-clang, r-devel-linux-x86_64-debian-gcc
These binaries (installable software) and packages are in development.
They may not be fully stable and should be used with caution. We make no claims about them.